CRAN Package Check Results for Package hmm.discnp

Last updated on 2018-09-22 12:50:45 CEST.

Flavor Version Tinstall Tcheck Ttotal Status Flags
r-devel-linux-x86_64-debian-clang 0.2-4 2.65 24.66 27.31 OK
r-devel-linux-x86_64-debian-gcc 0.2-4 2.22 20.20 22.42 OK
r-devel-linux-x86_64-fedora-clang 0.2-4 32.51 NOTE
r-devel-linux-x86_64-fedora-gcc 0.2-4 31.20 NOTE
r-devel-windows-ix86+x86_64 0.2-4 10.00 44.00 54.00 OK
r-patched-linux-x86_64 0.2-4 2.45 23.11 25.56 OK
r-patched-solaris-x86 0.2-4 44.70 OK
r-release-linux-x86_64 0.2-4 2.23 23.42 25.65 OK
r-release-windows-ix86+x86_64 0.2-4 13.00 47.00 60.00 OK
r-release-osx-x86_64 0.2-4 OK
r-oldrel-windows-ix86+x86_64 0.2-4 8.00 39.00 47.00 OK
r-oldrel-osx-x86_64 0.2-4 OK

Check Details

Version: 0.2-4
Check: compiled code
Result: NOTE
    File ‘hmm.discnp/libs/hmm.discnp.so’:
     Found no calls to: ‘R_registerRoutines’, ‘R_useDynamicSymbols’
    
    It is good practice to register native routines and to disable symbol
    search.
    
    See ‘Writing portable packages’ in the ‘Writing R Extensions’ manual.
Flavors: r-devel-linux-x86_64-fedora-clang, r-devel-linux-x86_64-fedora-gcc