CRAN Package Check Results for Package hmm.discnp

Last updated on 2018-01-18 12:47:30 CET.

Flavor Version Tinstall Tcheck Ttotal Status Flags
r-devel-linux-x86_64-debian-clang 0.2-4 1.40 22.26 23.66 NOTE
r-devel-linux-x86_64-debian-gcc 0.2-4 1.35 19.27 20.62 NOTE
r-devel-linux-x86_64-fedora-clang 0.2-4 30.15 NOTE
r-devel-linux-x86_64-fedora-gcc 0.2-4 28.18 NOTE
r-devel-windows-ix86+x86_64 0.2-4 9.00 56.00 65.00 OK
r-patched-linux-x86_64 0.2-4 1.68 23.69 25.37 NOTE
r-patched-solaris-x86 0.2-4 46.70 OK
r-release-linux-x86_64 0.2-4 1.61 23.79 25.40 NOTE
r-release-windows-ix86+x86_64 0.2-4 8.00 39.00 47.00 OK
r-release-osx-x86_64 0.2-4 OK
r-oldrel-windows-ix86+x86_64 0.2-4 6.00 36.00 42.00 OK
r-oldrel-osx-x86_64 0.2-4 OK

Check Details

Version: 0.2-4
Check: compiled code
Result: NOTE
    File ‘hmm.discnp/libs/hmm.discnp.so’:
     Found no calls to: ‘R_registerRoutines’, ‘R_useDynamicSymbols’
    
    It is good practice to register native routines and to disable symbol
    search.
    
    See ‘Writing portable packages’ in the ‘Writing R Extensions’ manual.
Flavors: r-devel-linux-x86_64-debian-clang, r-devel-linux-x86_64-debian-gcc, r-devel-linux-x86_64-fedora-clang, r-devel-linux-x86_64-fedora-gcc, r-patched-linux-x86_64, r-release-linux-x86_64