CRAN Package Check Results for Package hmm.discnp

Last updated on 2018-06-24 12:46:37 CEST.

Flavor Version Tinstall Tcheck Ttotal Status Flags
r-devel-linux-x86_64-debian-clang 0.2-4 2.30 25.24 27.54 NOTE
r-devel-linux-x86_64-debian-gcc 0.2-4 2.08 19.48 21.56 NOTE
r-devel-linux-x86_64-fedora-clang 0.2-4 32.00 NOTE
r-devel-linux-x86_64-fedora-gcc 0.2-4 30.27 NOTE
r-devel-windows-ix86+x86_64 0.2-4 14.00 48.00 62.00 OK
r-patched-linux-x86_64 0.2-4 2.11 23.88 25.99 NOTE
r-patched-solaris-x86 0.2-4 46.90 OK
r-release-linux-x86_64 0.2-4 1.94 24.24 26.18 NOTE
r-release-windows-ix86+x86_64 0.2-4 13.00 47.00 60.00 OK
r-release-osx-x86_64 0.2-4 OK
r-oldrel-windows-ix86+x86_64 0.2-4 8.00 39.00 47.00 OK
r-oldrel-osx-x86_64 0.2-4 OK

Check Details

Version: 0.2-4
Check: compiled code
Result: NOTE
    File ‘hmm.discnp/libs/hmm.discnp.so’:
     Found no calls to: ‘R_registerRoutines’, ‘R_useDynamicSymbols’
    
    It is good practice to register native routines and to disable symbol
    search.
    
    See ‘Writing portable packages’ in the ‘Writing R Extensions’ manual.
Flavors: r-devel-linux-x86_64-debian-clang, r-devel-linux-x86_64-debian-gcc, r-devel-linux-x86_64-fedora-clang, r-devel-linux-x86_64-fedora-gcc, r-patched-linux-x86_64, r-release-linux-x86_64