Last updated on 2025-01-19 05:49:10 CET.
Flavor | Version | Tinstall | Tcheck | Ttotal | Status | Flags |
---|---|---|---|---|---|---|
r-devel-linux-x86_64-debian-clang | 1.0.2 | 190.36 | 238.45 | 428.81 | OK | |
r-devel-linux-x86_64-debian-gcc | 1.0.2 | 175.29 | 153.54 | 328.83 | OK | |
r-devel-linux-x86_64-fedora-clang | 1.0.2 | 655.50 | OK | |||
r-devel-linux-x86_64-fedora-gcc | 1.0.2 | 835.46 | OK | |||
r-devel-windows-x86_64 | 1.0.2 | 164.00 | 219.00 | 383.00 | OK | |
r-patched-linux-x86_64 | 1.0.2 | 212.52 | 205.34 | 417.86 | OK | |
r-release-linux-x86_64 | 1.0.2 | 224.29 | 224.27 | 448.56 | OK | |
r-release-macos-arm64 | 1.0.2 | 160.00 | NOTE | |||
r-release-macos-x86_64 | 1.0.2 | 254.00 | NOTE | |||
r-release-windows-x86_64 | 1.0.2 | 169.00 | 224.00 | 393.00 | NOTE | |
r-oldrel-macos-arm64 | 1.0.2 | 161.00 | NOTE | |||
r-oldrel-macos-x86_64 | 1.0.2 | 408.00 | NOTE | |||
r-oldrel-windows-x86_64 | 1.0.2 | 238.00 | 295.00 | 533.00 | NOTE |
Version: 1.0.2
Check: installed package size
Result: NOTE
installed size is 95.3Mb
sub-directories of 1Mb or more:
libs 93.8Mb
Flavors: r-release-macos-arm64, r-release-macos-x86_64, r-release-windows-x86_64, r-oldrel-macos-arm64, r-oldrel-macos-x86_64, r-oldrel-windows-x86_64