CRAN Package Check Results for Package holland

Last updated on 2025-01-19 05:49:10 CET.

Flavor Version Tinstall Tcheck Ttotal Status Flags
r-devel-linux-x86_64-debian-clang 0.1.2-1 7.89 70.36 78.25 NOTE
r-devel-linux-x86_64-debian-gcc 0.1.2-1 6.29 47.89 54.18 NOTE
r-devel-linux-x86_64-fedora-clang 0.1.2-1 120.93 OK
r-devel-linux-x86_64-fedora-gcc 0.1.2-1 111.54 OK
r-devel-windows-x86_64 0.1.2-1 11.00 87.00 98.00 NOTE
r-patched-linux-x86_64 0.1.2-1 13.24 61.61 74.85 OK
r-release-linux-x86_64 0.1.2-1 6.99 61.34 68.33 OK
r-release-macos-arm64 0.1.2-1 34.00 OK
r-release-macos-x86_64 0.1.2-1 52.00 OK
r-release-windows-x86_64 0.1.2-1 12.00 93.00 105.00 OK
r-oldrel-macos-arm64 0.1.2-1 36.00 OK
r-oldrel-macos-x86_64 0.1.2-1 60.00 OK
r-oldrel-windows-x86_64 0.1.2-1 12.00 103.00 115.00 OK

Check Details

Version: 0.1.2-1
Check: Rd cross-references
Result: NOTE Found the following Rd file(s) with Rd \link{} targets missing package anchors: holland-package.Rd: MplusAutomation sim_score_data.Rd: rmvnorm Please provide package anchors for all Rd \link{} targets not in the package itself and the base packages. Flavors: r-devel-linux-x86_64-debian-clang, r-devel-linux-x86_64-debian-gcc, r-devel-windows-x86_64