Last updated on 2025-01-19 05:49:10 CET.
Flavor | Version | Tinstall | Tcheck | Ttotal | Status | Flags |
---|---|---|---|---|---|---|
r-devel-linux-x86_64-debian-clang | 0.2-2 | 3.53 | 40.78 | 44.31 | NOTE | |
r-devel-linux-x86_64-debian-gcc | 0.2-2 | 2.73 | 30.36 | 33.09 | NOTE | |
r-devel-linux-x86_64-fedora-clang | 0.2-2 | 75.25 | OK | |||
r-devel-linux-x86_64-fedora-gcc | 0.2-2 | 85.34 | OK | |||
r-devel-windows-x86_64 | 0.2-2 | 5.00 | 62.00 | 67.00 | NOTE | |
r-patched-linux-x86_64 | 0.2-2 | 4.39 | 38.64 | 43.03 | OK | |
r-release-linux-x86_64 | 0.2-2 | 3.96 | 40.16 | 44.12 | OK | |
r-release-macos-arm64 | 0.2-2 | 31.00 | OK | |||
r-release-macos-x86_64 | 0.2-2 | 46.00 | OK | |||
r-release-windows-x86_64 | 0.2-2 | 4.00 | 65.00 | 69.00 | OK | |
r-oldrel-macos-arm64 | 0.2-2 | 32.00 | OK | |||
r-oldrel-macos-x86_64 | 0.2-2 | 54.00 | OK | |||
r-oldrel-windows-x86_64 | 0.2-2 | 4.00 | 71.00 | 75.00 | OK |
Version: 0.2-2
Check: Rd cross-references
Result: NOTE
Found the following Rd file(s) with Rd \link{} targets missing package
anchors:
PaillierKeyPair.Rd: R6Class
PaillierPrivateKey.Rd: R6Class
PaillierPublicKey.Rd: R6Class
Please provide package anchors for all Rd \link{} targets not in the
package itself and the base packages.
Flavors: r-devel-linux-x86_64-debian-clang, r-devel-linux-x86_64-debian-gcc, r-devel-windows-x86_64