Last updated on 2025-01-19 05:49:10 CET.
Flavor | Version | Tinstall | Tcheck | Ttotal | Status | Flags |
---|---|---|---|---|---|---|
r-devel-linux-x86_64-debian-clang | 2.5.0 | 32.85 | 711.87 | 744.72 | OK | |
r-devel-linux-x86_64-debian-gcc | 2.5.0 | 20.47 | 457.68 | 478.15 | OK | |
r-devel-linux-x86_64-fedora-clang | 2.5.0 | 825.11 | OK | |||
r-devel-linux-x86_64-fedora-gcc | 2.5.0 | 744.17 | OK | |||
r-devel-windows-x86_64 | 2.5.0 | 42.00 | 641.00 | 683.00 | OK | |
r-patched-linux-x86_64 | 2.5.0 | 33.97 | 644.87 | 678.84 | OK | |
r-release-linux-x86_64 | 2.5.0 | 27.79 | 666.74 | 694.53 | OK | |
r-release-macos-arm64 | 2.5.0 | 322.00 | NOTE | |||
r-release-macos-x86_64 | 2.5.0 | 565.00 | NOTE | |||
r-release-windows-x86_64 | 2.5.0 | 40.00 | 644.00 | 684.00 | NOTE | |
r-oldrel-macos-arm64 | 2.5.0 | 309.00 | NOTE | |||
r-oldrel-macos-x86_64 | 2.5.0 | 708.00 | NOTE | |||
r-oldrel-windows-x86_64 | 2.5.0 | 44.00 | 665.00 | 709.00 | NOTE |
Version: 2.5.0
Check: installed package size
Result: NOTE
installed size is 6.8Mb
sub-directories of 1Mb or more:
data 2.3Mb
doc 2.3Mb
help 1.1Mb
Flavors: r-release-macos-arm64, r-release-macos-x86_64, r-release-windows-x86_64, r-oldrel-macos-arm64, r-oldrel-macos-x86_64, r-oldrel-windows-x86_64