Last updated on 2025-01-19 05:49:10 CET.
Flavor | Version | Tinstall | Tcheck | Ttotal | Status | Flags |
---|---|---|---|---|---|---|
r-devel-linux-x86_64-debian-clang | 0.1.9 | 2.80 | 33.54 | 36.34 | OK | |
r-devel-linux-x86_64-debian-gcc | 0.1.9 | 2.07 | 25.44 | 27.51 | OK | |
r-devel-linux-x86_64-fedora-clang | 0.1.9 | 59.60 | OK | |||
r-devel-linux-x86_64-fedora-gcc | 0.1.9 | 57.08 | OK | |||
r-devel-windows-x86_64 | 0.1.9 | 5.00 | 53.00 | 58.00 | OK | |
r-patched-linux-x86_64 | 0.1.9 | 2.36 | 31.67 | 34.03 | NOTE | |
r-release-linux-x86_64 | 0.1.9 | 2.45 | 31.43 | 33.88 | NOTE | |
r-release-macos-arm64 | 0.1.9 | 22.00 | NOTE | |||
r-release-macos-x86_64 | 0.1.9 | 39.00 | NOTE | |||
r-release-windows-x86_64 | 0.1.9 | 4.00 | 52.00 | 56.00 | NOTE | |
r-oldrel-macos-arm64 | 0.1.9 | 28.00 | NOTE | |||
r-oldrel-macos-x86_64 | 0.1.9 | 38.00 | NOTE | |||
r-oldrel-windows-x86_64 | 0.1.9 | 6.00 | 57.00 | 63.00 | NOTE |
Version: 0.1.9
Check: package dependencies
Result: NOTE
Packages suggested but not available for checking: 'hubExamples', 'hubVis'
Flavors: r-patched-linux-x86_64, r-release-linux-x86_64, r-release-macos-arm64, r-release-macos-x86_64, r-release-windows-x86_64, r-oldrel-macos-arm64, r-oldrel-macos-x86_64, r-oldrel-windows-x86_64