CRAN Package Check Results for Package hunspell

Last updated on 2020-12-02 12:51:40 CET.

Flavor Version Tinstall Tcheck Ttotal Status Flags
r-devel-linux-x86_64-debian-clang 3.0 84.29 44.90 129.19 OK
r-devel-linux-x86_64-debian-gcc 3.0 44.78 44.04 88.82 OK
r-devel-linux-x86_64-fedora-clang 3.0 175.05 NOTE
r-devel-linux-x86_64-fedora-gcc 3.0 149.65 OK
r-devel-windows-ix86+x86_64 3.0 154.00 129.00 283.00 NOTE
r-patched-linux-x86_64 3.0 55.49 51.51 107.00 OK
r-patched-solaris-x86 3.0 155.80 WARN
r-release-linux-x86_64 3.0 54.49 51.37 105.86 OK
r-release-macos-x86_64 3.0 WARN
r-release-windows-ix86+x86_64 3.0 154.00 113.00 267.00 NOTE
r-oldrel-macos-x86_64 3.0 WARN
r-oldrel-windows-ix86+x86_64 3.0 123.00 132.00 255.00 OK

Check Details

Version: 3.0
Check: installed package size
Result: NOTE
     installed size is 8.5Mb
     sub-directories of 1Mb or more:
     dict 1.5Mb
     libs 5.9Mb
Flavors: r-devel-linux-x86_64-fedora-clang, r-devel-windows-ix86+x86_64, r-release-macos-x86_64, r-release-windows-ix86+x86_64, r-oldrel-macos-x86_64

Version: 3.0
Check: re-building of vignette outputs
Result: WARN
    Error(s) in re-building vignettes:
     ...
    --- re-building ‘intro.Rmd’ using rmarkdown
    Warning in engine$weave(file, quiet = quiet, encoding = enc) :
     Pandoc (>= 1.12.3) and/or pandoc-citeproc not available. Falling back to R Markdown v1.
    trying URL 'https://arxiv.org/e-print/1406.4806v1'
    Content type 'application/x-eprint-tar' length 29273 bytes (28 KB)
    ==================================================
    downloaded 28 KB
    
    Quitting from lines 161-165 (intro.Rmd)
    Error: processing vignette 'intro.Rmd' failed with diagnostics:
    there is no package called 'webshot'
    --- failed re-building ‘intro.Rmd’
    
    SUMMARY: processing the following file failed:
     ‘intro.Rmd’
    
    Error: Vignette re-building failed.
    Execution halted
Flavor: r-patched-solaris-x86

Version: 3.0
Check: re-building of vignette outputs
Result: WARN
    Error(s) in re-building vignettes:
     ...
    --- re-building ‘intro.Rmd’ using rmarkdown
    Warning in engine$weave(file, quiet = quiet, encoding = enc) :
     Pandoc (>= 1.12.3) and/or pandoc-citeproc not available. Falling back to R Markdown v1.
    trying URL 'https://arxiv.org/e-print/1406.4806v1'
    Content type 'application/x-eprint-tar' length 29273 bytes (28 KB)
    ==================================================
    downloaded 28 KB
    
    Quitting from lines 161-165 (intro.Rmd)
    Error: processing vignette 'intro.Rmd' failed with diagnostics:
    cannot open the connection
    --- failed re-building ‘intro.Rmd’
    
    SUMMARY: processing the following file failed:
     ‘intro.Rmd’
    
    Error: Vignette re-building failed.
    Execution halted
Flavors: r-release-macos-x86_64, r-oldrel-macos-x86_64