CRAN Package Check Results for Package hutilscpp

Last updated on 2020-07-12 12:47:33 CEST.

Flavor Version Tinstall Tcheck Ttotal Status Flags
r-devel-linux-x86_64-debian-clang 0.3.0 189.83 61.86 251.69 OK
r-devel-linux-x86_64-debian-gcc 0.3.0 127.34 47.73 175.07 OK
r-devel-linux-x86_64-fedora-clang 0.3.0 363.43 NOTE
r-devel-linux-x86_64-fedora-gcc 0.3.0 304.48 OK
r-devel-windows-ix86+x86_64 0.3.0 444.00 150.00 594.00 OK
r-patched-linux-x86_64 0.3.0 129.28 61.47 190.75 OK
r-patched-solaris-x86 0.3.0 285.60 OK
r-release-linux-x86_64 0.3.0 126.90 61.36 188.26 OK
r-release-macos-x86_64 0.3.0 OK
r-release-windows-ix86+x86_64 0.3.0 442.00 126.00 568.00 OK
r-oldrel-macos-x86_64 0.3.0 OK
r-oldrel-windows-ix86+x86_64 0.3.0 454.00 117.00 571.00 OK

Check Details

Version: 0.3.0
Check: installed package size
Result: NOTE
     installed size is 5.6Mb
     sub-directories of 1Mb or more:
     libs 5.3Mb
Flavor: r-devel-linux-x86_64-fedora-clang