Last updated on 2025-01-19 05:49:10 CET.
Flavor | Version | Tinstall | Tcheck | Ttotal | Status | Flags |
---|---|---|---|---|---|---|
r-devel-linux-x86_64-debian-clang | 5.5.7 | 16.67 | 187.61 | 204.28 | OK | |
r-devel-linux-x86_64-debian-gcc | 5.5.7 | 9.41 | 124.37 | 133.78 | OK | |
r-devel-linux-x86_64-fedora-clang | 5.5.7 | 320.69 | NOTE | |||
r-devel-linux-x86_64-fedora-gcc | 5.5.7 | 346.02 | NOTE | |||
r-devel-windows-x86_64 | 5.5.7 | 18.00 | 219.00 | 237.00 | OK | |
r-patched-linux-x86_64 | 5.5.7 | 16.52 | 174.12 | 190.64 | OK | |
r-release-linux-x86_64 | 5.5.7 | 12.60 | 176.45 | 189.05 | OK | |
r-release-macos-arm64 | 5.5.7 | 86.00 | OK | |||
r-release-macos-x86_64 | 5.5.7 | 146.00 | OK | |||
r-release-windows-x86_64 | 5.5.7 | 17.00 | 219.00 | 236.00 | OK | |
r-oldrel-macos-arm64 | 5.5.7 | 90.00 | OK | |||
r-oldrel-macos-x86_64 | 5.5.7 | 134.00 | OK | |||
r-oldrel-windows-x86_64 | 5.5.7 | 20.00 | 262.00 | 282.00 | OK |
Version: 5.5.7
Check: dependencies in R code
Result: NOTE
Namespaces in Imports field not imported from:
‘R6’ ‘xml2’
All declared Imports should be used.
Flavors: r-devel-linux-x86_64-fedora-clang, r-devel-linux-x86_64-fedora-gcc