Last updated on 2025-01-19 05:49:10 CET.
Flavor | Version | Tinstall | Tcheck | Ttotal | Status | Flags |
---|---|---|---|---|---|---|
r-devel-linux-x86_64-debian-clang | 2.0.2 | 236.09 | 176.20 | 412.29 | NOTE | |
r-devel-linux-x86_64-debian-gcc | 2.0.2 | 198.68 | 138.21 | 336.89 | NOTE | |
r-devel-linux-x86_64-fedora-clang | 2.0.2 | 671.06 | NOTE | |||
r-devel-linux-x86_64-fedora-gcc | 2.0.2 | 843.85 | NOTE | |||
r-devel-windows-x86_64 | 2.0.2 | 247.00 | 239.00 | 486.00 | NOTE | |
r-patched-linux-x86_64 | 2.0.2 | 234.64 | 182.99 | 417.63 | NOTE | |
r-release-linux-x86_64 | 2.0.2 | 290.98 | 187.08 | 478.06 | NOTE | |
r-release-macos-arm64 | 2.0.2 | 192.00 | NOTE | |||
r-release-macos-x86_64 | 2.0.2 | 261.00 | NOTE | |||
r-release-windows-x86_64 | 2.0.2 | 243.00 | 242.00 | 485.00 | NOTE | |
r-oldrel-macos-arm64 | 2.0.2 | 160.00 | NOTE | |||
r-oldrel-macos-x86_64 | 2.0.2 | 259.00 | NOTE | |||
r-oldrel-windows-x86_64 | 2.0.2 | 311.00 | 298.00 | 609.00 | NOTE |
Version: 2.0.2
Check: Rd files
Result: NOTE
checkRd: (-1) simgl.Rd:50: Lost braces; missing escapes or markup?
50 | Uses the {updog} R package for simulating read counts and generating
| ^
Flavors: r-devel-linux-x86_64-debian-clang, r-devel-linux-x86_64-debian-gcc, r-devel-linux-x86_64-fedora-clang, r-devel-linux-x86_64-fedora-gcc, r-devel-windows-x86_64, r-patched-linux-x86_64, r-release-linux-x86_64, r-release-macos-arm64, r-release-macos-x86_64, r-release-windows-x86_64
Version: 2.0.2
Check: Rd cross-references
Result: NOTE
Found the following Rd file(s) with Rd \link{} targets missing package
anchors:
hwep-package.Rd: future
Please provide package anchors for all Rd \link{} targets not in the
package itself and the base packages.
Flavors: r-devel-linux-x86_64-debian-clang, r-devel-linux-x86_64-debian-gcc, r-devel-windows-x86_64
Version: 2.0.2
Check: for GNU extensions in Makefiles
Result: NOTE
GNU make is a SystemRequirements.
Flavors: r-patched-linux-x86_64, r-release-linux-x86_64, r-release-macos-arm64, r-release-macos-x86_64, r-release-windows-x86_64, r-oldrel-macos-arm64, r-oldrel-macos-x86_64, r-oldrel-windows-x86_64
Version: 2.0.2
Check: installed package size
Result: NOTE
installed size is 50.2Mb
sub-directories of 1Mb or more:
libs 49.6Mb
Flavors: r-release-macos-arm64, r-release-macos-x86_64, r-oldrel-macos-arm64, r-oldrel-macos-x86_64