Last updated on 2025-02-14 13:50:03 CET.
Flavor | Version | Tinstall | Tcheck | Ttotal | Status | Flags |
---|---|---|---|---|---|---|
r-devel-linux-x86_64-debian-clang | 0.5.9 | 37.95 | 352.36 | 390.31 | NOTE | |
r-devel-linux-x86_64-debian-gcc | 0.5.9 | 22.02 | 232.78 | 254.80 | NOTE | |
r-devel-linux-x86_64-fedora-clang | 0.5.9 | 693.20 | NOTE | |||
r-devel-linux-x86_64-fedora-gcc | 0.5.9 | 600.87 | NOTE | |||
r-devel-windows-x86_64 | 0.5.9 | 33.00 | 395.00 | 428.00 | NOTE | |
r-patched-linux-x86_64 | 0.5.9 | 38.93 | 337.27 | 376.20 | OK | |
r-release-linux-x86_64 | 0.5.9 | 34.86 | 346.53 | 381.39 | OK | |
r-release-macos-arm64 | 0.5.9 | 234.00 | OK | |||
r-release-macos-x86_64 | 0.5.9 | 384.00 | OK | |||
r-release-windows-x86_64 | 0.5.9 | 34.00 | 276.00 | 310.00 | OK | |
r-oldrel-macos-arm64 | 0.5.9 | 292.00 | OK | |||
r-oldrel-macos-x86_64 | 0.5.9 | 433.00 | OK | |||
r-oldrel-windows-x86_64 | 0.5.9 | 48.00 | 511.00 | 559.00 | OK |
Version: 0.5.9
Check: DESCRIPTION meta-information
Result: NOTE
Missing dependency on R >= 4.1.0 because package code uses the pipe
|> or function shorthand \(...) syntax added in R 4.1.0.
File(s) using such syntax:
‘getDEM.R’ ‘hydSpatRaster.R’
Flavors: r-devel-linux-x86_64-debian-clang, r-devel-linux-x86_64-debian-gcc, r-devel-linux-x86_64-fedora-clang, r-devel-linux-x86_64-fedora-gcc, r-devel-windows-x86_64