Last updated on 2025-01-19 05:49:10 CET.
Flavor | Version | Tinstall | Tcheck | Ttotal | Status | Flags |
---|---|---|---|---|---|---|
r-devel-linux-x86_64-debian-clang | 0.1.0 | 16.94 | 137.68 | 154.62 | OK | |
r-devel-linux-x86_64-debian-gcc | 0.1.0 | 10.83 | 87.14 | 97.97 | OK | |
r-devel-linux-x86_64-fedora-clang | 0.1.0 | 250.86 | OK | |||
r-devel-linux-x86_64-fedora-gcc | 0.1.0 | 175.64 | OK | |||
r-devel-windows-x86_64 | 0.1.0 | 18.00 | 147.00 | 165.00 | OK | |
r-patched-linux-x86_64 | 0.1.0 | 15.77 | 123.41 | 139.18 | NOTE | |
r-release-linux-x86_64 | 0.1.0 | 16.21 | 127.83 | 144.04 | NOTE | |
r-release-macos-arm64 | 0.1.0 | 70.00 | NOTE | |||
r-release-macos-x86_64 | 0.1.0 | 117.00 | NOTE | |||
r-release-windows-x86_64 | 0.1.0 | 18.00 | 150.00 | 168.00 | NOTE | |
r-oldrel-macos-arm64 | 0.1.0 | 72.00 | NOTE | |||
r-oldrel-macos-x86_64 | 0.1.0 | 117.00 | NOTE | |||
r-oldrel-windows-x86_64 | 0.1.0 | 22.00 | 182.00 | 204.00 | NOTE |
Version: 0.1.0
Check: LazyData
Result: NOTE
'LazyData' is specified without a 'data' directory
Flavors: r-patched-linux-x86_64, r-release-linux-x86_64, r-release-macos-arm64, r-release-macos-x86_64, r-release-windows-x86_64, r-oldrel-macos-arm64, r-oldrel-macos-x86_64, r-oldrel-windows-x86_64
Version: 0.1.0
Check: installed package size
Result: NOTE
installed size is 5.3Mb
sub-directories of 1Mb or more:
extdata 4.8Mb
Flavors: r-release-macos-arm64, r-release-macos-x86_64, r-release-windows-x86_64, r-oldrel-macos-arm64, r-oldrel-macos-x86_64, r-oldrel-windows-x86_64