Last updated on 2025-01-19 05:49:10 CET.
Flavor | Version | Tinstall | Tcheck | Ttotal | Status | Flags |
---|---|---|---|---|---|---|
r-devel-linux-x86_64-debian-clang | 1.1.2 | 53.10 | 147.75 | 200.85 | OK | |
r-devel-linux-x86_64-debian-gcc | 1.1.2 | 36.57 | 107.34 | 143.91 | OK | |
r-devel-linux-x86_64-fedora-clang | 1.1.2 | 343.00 | OK | |||
r-devel-linux-x86_64-fedora-gcc | 1.1.2 | 277.78 | OK | |||
r-devel-windows-x86_64 | 1.1.2 | 61.00 | 183.00 | 244.00 | OK | |
r-patched-linux-x86_64 | 1.1.2 | 51.52 | 137.59 | 189.11 | OK | |
r-release-linux-x86_64 | 1.1.2 | 49.83 | 141.34 | 191.17 | OK | |
r-release-macos-arm64 | 1.1.2 | 123.00 | NOTE | |||
r-release-macos-x86_64 | 1.1.2 | 164.00 | NOTE | |||
r-release-windows-x86_64 | 1.1.2 | 62.00 | 186.00 | 248.00 | NOTE | |
r-oldrel-macos-arm64 | 1.1.2 | 122.00 | NOTE | |||
r-oldrel-macos-x86_64 | 1.1.2 | 179.00 | NOTE | |||
r-oldrel-windows-x86_64 | 1.1.2 | 71.00 | 224.00 | 295.00 | NOTE |
Version: 1.1.2
Check: installed package size
Result: NOTE
installed size is 8.1Mb
sub-directories of 1Mb or more:
extdata 5.5Mb
libs 1.7Mb
Flavors: r-release-macos-arm64, r-release-macos-x86_64, r-release-windows-x86_64, r-oldrel-macos-arm64, r-oldrel-macos-x86_64, r-oldrel-windows-x86_64