Last updated on 2025-01-19 05:49:10 CET.
Flavor | Version | Tinstall | Tcheck | Ttotal | Status | Flags |
---|---|---|---|---|---|---|
r-devel-linux-x86_64-debian-clang | 1.4.6 | 10.96 | 107.47 | 118.43 | NOTE | |
r-devel-linux-x86_64-debian-gcc | 1.4.6 | 7.88 | 75.88 | 83.76 | NOTE | |
r-devel-linux-x86_64-fedora-clang | 1.4.6 | 189.70 | NOTE | |||
r-devel-linux-x86_64-fedora-gcc | 1.4.6 | 190.21 | NOTE | |||
r-devel-windows-x86_64 | 1.4.6 | 16.00 | 128.00 | 144.00 | NOTE | |
r-patched-linux-x86_64 | 1.4.6 | 12.03 | 100.46 | 112.49 | NOTE | |
r-release-linux-x86_64 | 1.4.6 | 11.16 | 101.62 | 112.78 | NOTE | |
r-release-macos-arm64 | 1.4.6 | 58.00 | NOTE | |||
r-release-macos-x86_64 | 1.4.6 | 97.00 | NOTE | |||
r-release-windows-x86_64 | 1.4.6 | 16.00 | 133.00 | 149.00 | NOTE | |
r-oldrel-macos-arm64 | 1.4.6 | 62.00 | OK | |||
r-oldrel-macos-x86_64 | 1.4.6 | 90.00 | OK | |||
r-oldrel-windows-x86_64 | 1.4.6 | 16.00 | 148.00 | 164.00 | OK |
Version: 1.4.6
Check: Rd files
Result: NOTE
checkRd: (-1) extractPeriod.Rd:57: Lost braces
57 | NOTE: all the dates in the datalist should follow the format in ?as.Date{base}.
| ^
Flavors: r-devel-linux-x86_64-debian-clang, r-devel-linux-x86_64-debian-gcc, r-devel-linux-x86_64-fedora-clang, r-devel-linux-x86_64-fedora-gcc, r-devel-windows-x86_64, r-patched-linux-x86_64, r-release-linux-x86_64, r-release-macos-arm64, r-release-macos-x86_64, r-release-windows-x86_64