Last updated on 2025-01-19 05:49:10 CET.
Flavor | Version | Tinstall | Tcheck | Ttotal | Status | Flags |
---|---|---|---|---|---|---|
r-devel-linux-x86_64-debian-clang | 3.1.4 | 62.47 | 323.91 | 386.38 | OK | |
r-devel-linux-x86_64-debian-gcc | 3.1.5 | 43.07 | 203.56 | 246.63 | OK | |
r-devel-linux-x86_64-fedora-clang | 3.1.5 | 685.87 | OK | |||
r-devel-linux-x86_64-fedora-gcc | 3.1.5 | 657.16 | OK | |||
r-devel-windows-x86_64 | 3.1.5 | 56.00 | 397.00 | 453.00 | OK | |
r-patched-linux-x86_64 | 3.1.4 | 60.34 | 287.84 | 348.18 | OK | |
r-release-linux-x86_64 | 3.1.4 | 55.83 | 309.52 | 365.35 | OK | |
r-release-macos-arm64 | 3.1.4 | 152.00 | NOTE | |||
r-release-macos-x86_64 | 3.1.4 | 352.00 | NOTE | |||
r-release-windows-x86_64 | 3.1.4 | 59.00 | 290.00 | 349.00 | OK | |
r-oldrel-macos-arm64 | 3.1.4 | 158.00 | NOTE | |||
r-oldrel-macos-x86_64 | 3.1.4 | 382.00 | NOTE | |||
r-oldrel-windows-x86_64 | 3.1.5 | 52.00 | 363.00 | 415.00 | NOTE |
Version: 3.1.4
Check: installed package size
Result: NOTE
installed size is 5.8Mb
sub-directories of 1Mb or more:
doc 2.8Mb
libs 1.8Mb
Flavors: r-release-macos-arm64, r-release-macos-x86_64, r-oldrel-macos-arm64, r-oldrel-macos-x86_64
Version: 3.1.5
Check: installed package size
Result: NOTE
installed size is 5.0Mb
sub-directories of 1Mb or more:
doc 2.8Mb
libs 1.1Mb
Flavor: r-oldrel-windows-x86_64