Last updated on 2024-05-01 16:52:58 CEST.
Flavor | Version | Tinstall | Tcheck | Ttotal | Status | Flags |
---|---|---|---|---|---|---|
r-devel-linux-x86_64-debian-clang | 0.2.0 | 35.69 | 96.96 | 132.65 | OK | |
r-devel-linux-x86_64-debian-gcc | 0.2.0 | 33.85 | 71.68 | 105.53 | OK | |
r-devel-linux-x86_64-fedora-clang | 0.2.0 | 174.13 | NOTE | |||
r-devel-linux-x86_64-fedora-gcc | 0.2.0 | 167.46 | NOTE | |||
r-devel-windows-x86_64 | 0.2.0 | 35.00 | 86.00 | 121.00 | OK | |
r-patched-linux-x86_64 | 0.2.0 | 36.89 | 93.17 | 130.06 | OK | |
r-release-linux-x86_64 | 0.2.0 | 35.49 | 91.77 | 127.26 | OK | |
r-release-macos-arm64 | 0.2.0 | 51.00 | OK | |||
r-release-windows-x86_64 | 0.2.0 | 34.00 | 87.00 | 121.00 | OK | |
r-oldrel-macos-arm64 | 0.2.0 | 57.00 | OK | |||
r-oldrel-macos-x86_64 | 0.2.0 | 94.00 | OK | |||
r-oldrel-windows-x86_64 | 0.2.0 | 36.00 | 95.00 | 131.00 | OK |
Version: 0.2.0
Check: data for non-ASCII characters
Result: NOTE
Note: found 1058038 marked UTF-8 strings
Flavors: r-devel-linux-x86_64-fedora-clang, r-devel-linux-x86_64-fedora-gcc