Last updated on 2025-01-19 05:49:11 CET.
Flavor | Version | Tinstall | Tcheck | Ttotal | Status | Flags |
---|---|---|---|---|---|---|
r-devel-linux-x86_64-debian-clang | 1.3.4 | 15.98 | 125.66 | 141.64 | NOTE | |
r-devel-linux-x86_64-debian-gcc | 1.3.4 | 10.60 | 88.67 | 99.27 | NOTE | |
r-devel-linux-x86_64-fedora-clang | 1.3.4 | 219.42 | OK | |||
r-devel-linux-x86_64-fedora-gcc | 1.3.4 | 211.02 | OK | |||
r-devel-windows-x86_64 | 1.3.4 | 16.00 | 118.00 | 134.00 | NOTE | |
r-patched-linux-x86_64 | 1.3.4 | 13.80 | 115.76 | 129.56 | OK | |
r-release-linux-x86_64 | 1.3.4 | 14.66 | 116.28 | 130.94 | OK | |
r-release-macos-arm64 | 1.3.4 | 59.00 | OK | |||
r-release-macos-x86_64 | 1.3.4 | 83.00 | OK | |||
r-release-windows-x86_64 | 1.3.4 | 16.00 | 118.00 | 134.00 | OK | |
r-oldrel-macos-arm64 | 1.3.4 | 48.00 | OK | |||
r-oldrel-macos-x86_64 | 1.3.4 | 152.00 | OK | |||
r-oldrel-windows-x86_64 | 1.3.4 | 21.00 | 149.00 | 170.00 | OK |
Version: 1.3.4
Check: Rd cross-references
Result: NOTE
Found the following Rd file(s) with Rd \link{} targets missing package
anchors:
iNZightSummary.Rd: survey
Please provide package anchors for all Rd \link{} targets not in the
package itself and the base packages.
Flavors: r-devel-linux-x86_64-debian-clang, r-devel-linux-x86_64-debian-gcc, r-devel-windows-x86_64