Last updated on 2025-07-03 21:48:49 CEST.
Flavor | Version | Tinstall | Tcheck | Ttotal | Status | Flags |
---|---|---|---|---|---|---|
r-devel-linux-x86_64-debian-clang | 2.0.0 | 8.82 | 125.16 | 133.98 | NOTE | |
r-devel-linux-x86_64-debian-gcc | 2.0.2 | 6.25 | 85.15 | 91.40 | OK | |
r-devel-linux-x86_64-fedora-clang | 2.0.2 | 213.07 | OK | |||
r-devel-linux-x86_64-fedora-gcc | 2.0.2 | 210.29 | OK | |||
r-devel-windows-x86_64 | 2.0.0 | 10.00 | 123.00 | 133.00 | NOTE | |
r-patched-linux-x86_64 | 2.0.0 | 8.27 | 118.02 | 126.29 | NOTE | |
r-release-linux-x86_64 | 2.0.0 | 8.30 | 117.31 | 125.61 | NOTE | |
r-release-macos-arm64 | 2.0.0 | 55.00 | NOTE | |||
r-release-macos-x86_64 | 2.0.2 | 123.00 | OK | |||
r-release-windows-x86_64 | 2.0.0 | 9.00 | 125.00 | 134.00 | NOTE | |
r-oldrel-macos-arm64 | 2.0.0 | 60.00 | OK | |||
r-oldrel-macos-x86_64 | 2.0.2 | 121.00 | OK | |||
r-oldrel-windows-x86_64 | 2.0.0 | 12.00 | 163.00 | 175.00 | OK |
Version: 2.0.0
Check: DESCRIPTION meta-information
Result: NOTE
Missing dependency on R >= 4.1.0 because package code uses the pipe
|> or function shorthand \(...) syntax added in R 4.1.0.
File(s) using such syntax:
‘decomposition.R’ ‘feat.R’ ‘forecastplot.R’ ‘iNZightTS.R’ ‘rawplot.R’
‘seasonplot.R’
Flavors: r-devel-linux-x86_64-debian-clang, r-devel-windows-x86_64, r-patched-linux-x86_64, r-release-linux-x86_64, r-release-macos-arm64, r-release-windows-x86_64