CRAN Package Check Results for Package iNZightTS

Last updated on 2020-11-23 13:15:24 CET.

Flavor Version Tinstall Tcheck Ttotal Status Flags
r-devel-linux-x86_64-debian-clang 1.5.7 7.75 96.42 104.17 OK
r-devel-linux-x86_64-debian-gcc 1.5.7 5.97 73.06 79.03 OK
r-devel-linux-x86_64-fedora-clang 1.5.7 126.17 NOTE
r-devel-linux-x86_64-fedora-gcc 1.5.7 117.81 NOTE
r-devel-windows-ix86+x86_64 1.5.7 9.00 92.00 101.00 OK
r-patched-linux-x86_64 1.5.7 6.50 96.65 103.15 OK
r-patched-solaris-x86 1.5.7 149.80 NOTE
r-release-linux-x86_64 1.5.7 6.35 92.48 98.83 OK
r-release-macos-x86_64 1.5.7 NOTE
r-release-windows-ix86+x86_64 1.5.7 9.00 81.00 90.00 OK
r-oldrel-macos-x86_64 1.5.7 NOTE
r-oldrel-windows-ix86+x86_64 1.5.7 8.00 87.00 95.00 OK

Check Details

Version: 1.5.7
Check: dependencies in R code
Result: NOTE
    Namespace in Imports field not imported from: ‘egg’
     All declared Imports should be used.
Flavors: r-devel-linux-x86_64-fedora-clang, r-devel-linux-x86_64-fedora-gcc, r-patched-solaris-x86, r-release-macos-x86_64, r-oldrel-macos-x86_64