CRAN Package Check Results for Package iSDM

Last updated on 2021-01-24 12:51:08 CET.

Flavor Version Tinstall Tcheck Ttotal Status Flags
r-devel-linux-x86_64-debian-clang 1.0 2.67 26.74 29.41 OK
r-devel-linux-x86_64-debian-gcc 1.0 2.19 21.27 23.46 OK
r-devel-linux-x86_64-fedora-clang 1.0 44.33 NOTE
r-devel-linux-x86_64-fedora-gcc 1.0 35.75 NOTE
r-devel-windows-ix86+x86_64 1.0 7.00 41.00 48.00 OK
r-patched-linux-x86_64 1.0 2.57 26.58 29.15 OK
r-patched-solaris-x86 1.0 52.70 NOTE
r-release-linux-x86_64 1.0 2.58 25.98 28.56 OK
r-release-macos-x86_64 1.0 NOTE
r-release-windows-ix86+x86_64 1.0 16.00 43.00 59.00 OK
r-oldrel-macos-x86_64 1.0 NOTE
r-oldrel-windows-ix86+x86_64 1.0 4.00 45.00 49.00 OK

Check Details

Version: 1.0
Check: dependencies in R code
Result: NOTE
    Namespaces in Imports field not imported from:
     ‘colorRamps’ ‘virtualspecies’
     All declared Imports should be used.
Flavors: r-devel-linux-x86_64-fedora-clang, r-devel-linux-x86_64-fedora-gcc, r-patched-solaris-x86, r-release-macos-x86_64, r-oldrel-macos-x86_64