Last updated on 2025-01-19 05:49:11 CET.
Flavor | Version | Tinstall | Tcheck | Ttotal | Status | Flags |
---|---|---|---|---|---|---|
r-devel-linux-x86_64-debian-clang | 1.0.1 | 10.05 | 88.48 | 98.53 | OK | |
r-devel-linux-x86_64-debian-gcc | 1.0.1 | 7.44 | 66.32 | 73.76 | OK | |
r-devel-linux-x86_64-fedora-clang | 1.0.1 | 155.89 | OK | |||
r-devel-linux-x86_64-fedora-gcc | 1.0.1 | 166.18 | OK | |||
r-devel-windows-x86_64 | 1.0.1 | 11.00 | 110.00 | 121.00 | OK | |
r-patched-linux-x86_64 | 1.0.1 | 9.01 | 82.77 | 91.78 | OK | |
r-release-linux-x86_64 | 1.0.1 | 7.94 | 85.04 | 92.98 | OK | |
r-release-macos-arm64 | 1.0.1 | 57.00 | OK | |||
r-release-macos-x86_64 | 1.0.1 | 74.00 | WARN | |||
r-release-windows-x86_64 | 1.0.1 | 10.00 | 114.00 | 124.00 | OK | |
r-oldrel-macos-arm64 | 1.0.1 | 61.00 | OK | |||
r-oldrel-macos-x86_64 | 1.0.1 | 96.00 | OK | |||
r-oldrel-windows-x86_64 | 1.0.1 | 13.00 | 127.00 | 140.00 | OK |
Version: 1.0.1
Check: re-building of vignette outputs
Result: WARN
Error(s) in re-building vignettes:
...
--- re-building ‘iSubGenGuide.Rnw’ using knitr_notangle
Error: processing vignette 'iSubGenGuide.Rnw' failed with diagnostics:
Running 'texi2dvi' on 'iSubGenGuide.tex' failed.
LaTeX errors:
! Undefined control sequence.
l.128 \hlkwd{library}\hldef
{(iSubGen);}
?
! Emergency stop.
! Emergency stop.
l.128
End of file on the terminal!
! ==> Fatal error occurred, no output PDF file produced!
--- failed re-building ‘iSubGenGuide.Rnw’
SUMMARY: processing the following file failed:
‘iSubGenGuide.Rnw’
Error: Vignette re-building failed.
Execution halted
Flavor: r-release-macos-x86_64