CRAN Package Check Results for Package ibr

Last updated on 2025-01-19 05:49:10 CET.

Flavor Version Tinstall Tcheck Ttotal Status Flags
r-devel-linux-x86_64-debian-clang 2.0-4 12.32 76.74 89.06 NOTE
r-devel-linux-x86_64-debian-gcc 2.0-4 8.83 54.83 63.66 NOTE
r-devel-linux-x86_64-fedora-clang 2.0-4 142.26 NOTE
r-devel-linux-x86_64-fedora-gcc 2.0-4 134.53 NOTE
r-devel-windows-x86_64 2.0-4 16.00 101.00 117.00 NOTE
r-patched-linux-x86_64 2.0-4 13.12 73.35 86.47 NOTE
r-release-linux-x86_64 2.0-4 13.31 74.08 87.39 NOTE
r-release-macos-arm64 2.0-4 40.00 NOTE
r-release-macos-x86_64 2.0-4 71.00 NOTE
r-release-windows-x86_64 2.0-4 16.00 104.00 120.00 NOTE
r-oldrel-macos-arm64 2.0-4 50.00 OK
r-oldrel-macos-x86_64 2.0-4 79.00 OK
r-oldrel-windows-x86_64 2.0-4 16.00 113.00 129.00 OK

Check Details

Version: 2.0-4
Check: Rd files
Result: NOTE checkRd: (-1) betaS1lr.Rd:28: Lost braces; missing escapes or markup? 28 | \item{Rm1U}{matrix R^{-1}U (see reference).} | ^ checkRd: (-1) lrsmoother.Rd:32: Lost braces; missing escapes or markup? 32 | R^{-1}U (see reference) and \link{smoothCon} for the definition of smoothobject} | ^ Flavors: r-devel-linux-x86_64-debian-clang, r-devel-linux-x86_64-debian-gcc, r-devel-linux-x86_64-fedora-clang, r-devel-linux-x86_64-fedora-gcc, r-devel-windows-x86_64, r-patched-linux-x86_64, r-release-linux-x86_64, r-release-macos-arm64, r-release-macos-x86_64, r-release-windows-x86_64

Version: 2.0-4
Check: Rd cross-references
Result: NOTE Found the following Rd file(s) with Rd \link{} targets missing package anchors: forward.Rd: gam ibr.Rd: gam, smoothCon ibr.fit.Rd: gam, smoothCon lrsmoother.Rd: smoothCon Please provide package anchors for all Rd \link{} targets not in the package itself and the base packages. Flavors: r-devel-linux-x86_64-debian-clang, r-devel-linux-x86_64-debian-gcc, r-devel-windows-x86_64