CRAN Package Check Results for Package idefix

Last updated on 2025-01-19 05:49:10 CET.

Flavor Version Tinstall Tcheck Ttotal Status Flags
r-devel-linux-x86_64-debian-clang 1.0.3 29.52 55.07 84.59 NOTE
r-devel-linux-x86_64-debian-gcc 1.0.3 20.38 39.19 59.57 NOTE
r-devel-linux-x86_64-fedora-clang 1.0.3 152.98 NOTE
r-devel-linux-x86_64-fedora-gcc 1.0.3 143.46 NOTE
r-devel-windows-x86_64 1.0.3 35.00 89.00 124.00 NOTE
r-patched-linux-x86_64 1.0.3 28.65 51.31 79.96 NOTE
r-release-linux-x86_64 1.0.3 26.61 52.31 78.92 NOTE
r-release-macos-arm64 1.0.3 39.00 NOTE
r-release-macos-x86_64 1.0.3 81.00 NOTE
r-release-windows-x86_64 1.0.3 33.00 93.00 126.00 NOTE
r-oldrel-macos-arm64 1.0.3 39.00 NOTE
r-oldrel-macos-x86_64 1.0.3 70.00 NOTE
r-oldrel-windows-x86_64 1.0.3 39.00 109.00 148.00 NOTE

Check Details

Version: 1.0.3
Check: C++ specification
Result: NOTE Specified C++11: please drop specification unless essential Flavors: r-devel-linux-x86_64-debian-clang, r-devel-linux-x86_64-debian-gcc, r-devel-linux-x86_64-fedora-clang, r-devel-linux-x86_64-fedora-gcc, r-devel-windows-x86_64, r-patched-linux-x86_64, r-release-linux-x86_64, r-release-macos-arm64, r-release-macos-x86_64, r-release-windows-x86_64, r-oldrel-macos-arm64, r-oldrel-macos-x86_64, r-oldrel-windows-x86_64