Last updated on 2024-04-17 13:57:31 CEST.
Flavor | Version | Tinstall | Tcheck | Ttotal | Status | Flags |
---|---|---|---|---|---|---|
r-devel-linux-x86_64-debian-clang | 1.0.3 | 55.77 | 72.41 | 128.18 | NOTE | |
r-devel-linux-x86_64-debian-gcc | 1.0.3 | 37.12 | 51.96 | 89.08 | NOTE | |
r-devel-linux-x86_64-fedora-clang | 1.0.3 | 166.84 | NOTE | |||
r-devel-linux-x86_64-fedora-gcc | 1.0.3 | 155.48 | NOTE | |||
r-prerel-macos-arm64 | 1.0.3 | 39.00 | NOTE | |||
r-prerel-windows-x86_64 | 1.0.3 | 41.00 | 90.00 | 131.00 | NOTE | |
r-patched-linux-x86_64 | 1.0.3 | 44.85 | 67.92 | 112.77 | NOTE | |
r-release-linux-x86_64 | 1.0.3 | 47.21 | 67.27 | 114.48 | NOTE | |
r-release-macos-arm64 | 1.0.3 | 39.00 | NOTE | |||
r-release-macos-x86_64 | 1.0.3 | 70.00 | NOTE | |||
r-release-windows-x86_64 | 1.0.3 | 51.00 | 109.00 | 160.00 | NOTE | |
r-oldrel-macos-arm64 | 1.0.3 | 41.00 | OK | |||
r-oldrel-windows-x86_64 | 1.0.3 | 49.00 | 106.00 | 155.00 | OK |
Version: 1.0.3
Check: C++ specification
Result: NOTE
Specified C++11: please drop specification unless essential
Flavors: r-devel-linux-x86_64-debian-clang, r-devel-linux-x86_64-debian-gcc, r-devel-linux-x86_64-fedora-clang, r-devel-linux-x86_64-fedora-gcc, r-prerel-macos-arm64, r-prerel-windows-x86_64, r-patched-linux-x86_64, r-release-linux-x86_64, r-release-macos-arm64, r-release-macos-x86_64, r-release-windows-x86_64
Version: 1.0.3
Check: Rd cross-references
Result: NOTE
Undeclared packages ‘mlogit’, ‘logitr’ in Rd xrefs
Flavor: r-devel-linux-x86_64-fedora-clang