Last updated on 2024-04-17 13:57:31 CEST.
Flavor | Version | Tinstall | Tcheck | Ttotal | Status | Flags |
---|---|---|---|---|---|---|
r-devel-linux-x86_64-debian-clang | 1.5.3 | 7.27 | 45.42 | 52.69 | NOTE | |
r-devel-linux-x86_64-debian-gcc | 1.5.3 | 5.28 | 33.52 | 38.80 | NOTE | |
r-devel-linux-x86_64-fedora-clang | 1.5.3 | 66.62 | NOTE | |||
r-devel-linux-x86_64-fedora-gcc | 1.5.3 | 63.76 | NOTE | |||
r-prerel-macos-arm64 | 1.5.3 | 29.00 | NOTE | |||
r-prerel-windows-x86_64 | 1.5.3 | 6.00 | 59.00 | 65.00 | NOTE | |
r-patched-linux-x86_64 | 1.5.3 | 7.16 | 42.98 | 50.14 | NOTE | |
r-release-linux-x86_64 | 1.5.3 | 4.19 | 41.11 | 45.30 | NOTE | |
r-release-macos-arm64 | 1.5.3 | 25.00 | NOTE | |||
r-release-macos-x86_64 | 1.5.3 | 38.00 | NOTE | |||
r-release-windows-x86_64 | 1.5.3 | 7.00 | 58.00 | 65.00 | NOTE | |
r-oldrel-macos-arm64 | 1.5.3 | 36.00 | NOTE | |||
r-oldrel-windows-x86_64 | 1.5.3 | 7.00 | 55.00 | 62.00 | NOTE |
Version: 1.5.3
Check: package dependencies
Result: NOTE
Package suggested but not available for checking: ‘rggobi’
Flavors: r-devel-linux-x86_64-debian-clang, r-devel-linux-x86_64-debian-gcc, r-devel-linux-x86_64-fedora-clang, r-devel-linux-x86_64-fedora-gcc, r-prerel-macos-arm64, r-prerel-windows-x86_64, r-patched-linux-x86_64, r-release-linux-x86_64, r-release-macos-arm64, r-release-macos-x86_64, r-release-windows-x86_64, r-oldrel-macos-arm64, r-oldrel-windows-x86_64