Last updated on 2025-01-19 05:49:10 CET.
Flavor | Version | Tinstall | Tcheck | Ttotal | Status | Flags |
---|---|---|---|---|---|---|
r-devel-linux-x86_64-debian-clang | 0.23 | 12.14 | 97.87 | 110.01 | OK | --no-tests --no-vignettes |
r-devel-linux-x86_64-debian-gcc | 0.23 | 8.88 | 74.28 | 83.16 | OK | --no-tests --no-vignettes |
r-devel-linux-x86_64-fedora-clang | 0.23 | 2017.71 | ERROR | |||
r-devel-linux-x86_64-fedora-gcc | 0.23 | 553.45 | OK | |||
r-devel-windows-x86_64 | 0.23 | 13.00 | 178.00 | 191.00 | OK | --no-vignettes |
r-patched-linux-x86_64 | 0.23 | 11.71 | 89.75 | 101.46 | OK | --no-tests --no-vignettes |
r-release-linux-x86_64 | 0.23 | 11.86 | 92.79 | 104.65 | OK | --no-tests --no-vignettes |
r-release-macos-arm64 | 0.23 | 299.00 | OK | |||
r-release-macos-x86_64 | 0.23 | 549.00 | OK | |||
r-release-windows-x86_64 | 0.23 | 15.00 | 266.00 | 281.00 | OK | --no-vignettes |
r-oldrel-macos-arm64 | 0.23 | 506.00 | OK | |||
r-oldrel-macos-x86_64 | 0.23 | 503.00 | OK | |||
r-oldrel-windows-x86_64 | 0.23 | 16.00 | 166.00 | 182.00 | OK | --no-vignettes |
Version: 0.23
Check: re-building of vignette outputs
Result: ERROR
Error(s) in re-building vignettes:
--- re-building ‘pritikin-schmidt.Rnw’ using knitr
Flavor: r-devel-linux-x86_64-fedora-clang