CRAN Package Check Results for Package ifo

Last updated on 2025-01-19 05:49:10 CET.

Flavor Version Tinstall Tcheck Ttotal Status Flags
r-devel-linux-x86_64-debian-clang 0.2.0 2.89 30.25 33.14 OK
r-devel-linux-x86_64-debian-gcc 0.2.0 2.25 24.27 26.52 OK
r-devel-linux-x86_64-fedora-clang 0.2.0 53.02 NOTE
r-devel-linux-x86_64-fedora-gcc 0.2.0 52.58 NOTE
r-devel-windows-x86_64 0.2.0 6.00 49.00 55.00 OK
r-patched-linux-x86_64 0.2.0 1.95 29.14 31.09 OK
r-release-linux-x86_64 0.2.0 2.66 29.65 32.31 OK
r-release-macos-arm64 0.2.0 28.00 OK
r-release-macos-x86_64 0.2.0 38.00 OK
r-release-windows-x86_64 0.2.0 5.00 48.00 53.00 OK
r-oldrel-macos-arm64 0.2.0 25.00 OK
r-oldrel-macos-x86_64 0.2.0 38.00 OK
r-oldrel-windows-x86_64 0.2.0 6.00 55.00 61.00 OK

Check Details

Version: 0.2.0
Check: dependencies in R code
Result: NOTE Namespace in Imports field not imported from: ‘utils’ All declared Imports should be used. Flavors: r-devel-linux-x86_64-fedora-clang, r-devel-linux-x86_64-fedora-gcc