CRAN Package Check Results for Package igraphtosonia

Last updated on 2025-01-19 05:49:10 CET.

Flavor Version Tinstall Tcheck Ttotal Status Flags
r-devel-linux-x86_64-debian-clang 1.0 2.77 23.82 26.59 NOTE
r-devel-linux-x86_64-debian-gcc 1.0 1.89 18.83 20.72 NOTE
r-devel-linux-x86_64-fedora-clang 1.0 42.64 NOTE
r-devel-linux-x86_64-fedora-gcc 1.0 41.29 NOTE
r-devel-windows-x86_64 1.0 4.00 46.00 50.00 NOTE
r-patched-linux-x86_64 1.0 2.05 23.04 25.09 NOTE
r-release-linux-x86_64 1.0 2.54 22.89 25.43 NOTE
r-release-macos-arm64 1.0 19.00 NOTE
r-release-macos-x86_64 1.0 29.00 NOTE
r-release-windows-x86_64 1.0 4.00 48.00 52.00 NOTE
r-oldrel-macos-arm64 1.0 19.00 NOTE
r-oldrel-macos-x86_64 1.0 23.00 NOTE
r-oldrel-windows-x86_64 1.0 5.00 50.00 55.00 NOTE

Check Details

Version: 1.0
Check: DESCRIPTION meta-information
Result: NOTE Malformed Description field: should contain one or more complete sentences. Flavors: r-devel-linux-x86_64-debian-clang, r-devel-linux-x86_64-debian-gcc, r-devel-linux-x86_64-fedora-clang, r-devel-linux-x86_64-fedora-gcc, r-devel-windows-x86_64, r-patched-linux-x86_64, r-release-linux-x86_64, r-release-macos-arm64, r-release-macos-x86_64, r-release-windows-x86_64, r-oldrel-macos-arm64, r-oldrel-macos-x86_64, r-oldrel-windows-x86_64