CRAN Package Check Results for Package ijtiff

Last updated on 2020-05-28 12:48:41 CEST.

Flavor Version Tinstall Tcheck Ttotal Status Flags
r-devel-linux-x86_64-debian-clang 2.0.5 20.60 50.20 70.80 OK
r-devel-linux-x86_64-debian-gcc 2.0.5 14.67 39.34 54.01 OK
r-devel-linux-x86_64-fedora-clang 2.0.5 92.76 OK
r-devel-linux-x86_64-fedora-gcc 2.0.5 118.20 OK
r-devel-windows-ix86+x86_64 2.0.5 61.00 97.00 158.00 NOTE
r-patched-linux-x86_64 2.0.5 15.84 49.93 65.77 OK
r-patched-solaris-x86 2.0.5 110.10 OK
r-release-linux-x86_64 2.0.5 15.90 50.62 66.52 OK
r-release-osx-x86_64 2.0.5 NOTE
r-release-windows-ix86+x86_64 2.0.5 49.00 147.00 196.00 NOTE
r-oldrel-osx-x86_64 2.0.5 NOTE
r-oldrel-windows-ix86+x86_64 2.0.5 47.00 90.00 137.00 OK

Check Details

Version: 2.0.5
Check: installed package size
Result: NOTE
     installed size is 5.2Mb
     sub-directories of 1Mb or more:
     libs 3.3Mb
Flavors: r-devel-windows-ix86+x86_64, r-release-osx-x86_64, r-release-windows-ix86+x86_64, r-oldrel-osx-x86_64