Last updated on 2025-01-19 05:49:10 CET.
Flavor | Version | Tinstall | Tcheck | Ttotal | Status | Flags |
---|---|---|---|---|---|---|
r-devel-linux-x86_64-debian-clang | 0.2.3 | 61.62 | 43.52 | 105.14 | OK | |
r-devel-linux-x86_64-debian-gcc | 0.2.3 | 44.08 | 19.28 | 63.36 | OK | |
r-devel-linux-x86_64-fedora-gcc | 0.2.3 | 206.40 | OK | |||
r-devel-windows-x86_64 | 0.2.3 | 82.00 | 110.00 | 192.00 | OK | |
r-patched-linux-x86_64 | 0.2.3 | 60.61 | 23.46 | 84.07 | OK | |
r-release-linux-x86_64 | 0.2.3 | 61.28 | 23.59 | 84.87 | OK | |
r-release-macos-arm64 | 0.2.3 | 49.00 | NOTE | |||
r-release-macos-x86_64 | 0.2.3 | 63.00 | NOTE | |||
r-release-windows-x86_64 | 0.2.3 | 85.00 | 126.00 | 211.00 | NOTE | |
r-oldrel-macos-arm64 | 0.2.3 | 54.00 | NOTE | |||
r-oldrel-macos-x86_64 | 0.2.3 | 77.00 | NOTE | |||
r-oldrel-windows-x86_64 | 0.2.3 | 96.00 | 141.00 | 237.00 | NOTE |
Version: 0.2.3
Check: installed package size
Result: NOTE
installed size is 21.7Mb
sub-directories of 1Mb or more:
libs 10.5Mb
share 10.2Mb
Flavors: r-release-macos-arm64, r-release-macos-x86_64, r-release-windows-x86_64, r-oldrel-macos-arm64, r-oldrel-macos-x86_64, r-oldrel-windows-x86_64