CRAN Package Check Results for Package imagefluency

Last updated on 2020-11-27 12:52:23 CET.

Flavor Version Tinstall Tcheck Ttotal Status Flags
r-devel-linux-x86_64-debian-clang 0.2.3 4.16 41.64 45.80 OK
r-devel-linux-x86_64-debian-gcc 0.2.3 3.46 33.37 36.83 OK
r-devel-linux-x86_64-fedora-clang 0.2.3 58.24 NOTE
r-devel-linux-x86_64-fedora-gcc 0.2.3 48.43 OK
r-devel-windows-ix86+x86_64 0.2.3 7.00 116.00 123.00 OK
r-patched-linux-x86_64 0.2.3 3.62 38.82 42.44 OK
r-patched-solaris-x86 0.2.3 78.40 OK
r-release-linux-x86_64 0.2.3 3.76 39.65 43.41 OK
r-release-macos-x86_64 0.2.3 OK
r-release-windows-ix86+x86_64 0.2.3 7.00 156.00 163.00 OK
r-oldrel-macos-x86_64 0.2.3 OK
r-oldrel-windows-ix86+x86_64 0.2.3 5.00 101.00 106.00 OK

Check Details

Version: 0.2.3
Check: Rd cross-references
Result: NOTE
    Undeclared packages ‘bmp’, ‘jpeg’, ‘png’, ‘tiff’ in Rd xrefs
Flavor: r-devel-linux-x86_64-fedora-clang