Last updated on 2024-04-17 13:57:31 CEST.
Flavor | Version | Tinstall | Tcheck | Ttotal | Status | Flags |
---|---|---|---|---|---|---|
r-devel-linux-x86_64-debian-clang | 0.2.5 | 3.30 | 46.66 | 49.96 | OK | |
r-devel-linux-x86_64-debian-gcc | 0.2.5 | 2.65 | 35.70 | 38.35 | OK | |
r-devel-linux-x86_64-fedora-clang | 0.2.5 | 64.45 | NOTE | |||
r-devel-linux-x86_64-fedora-gcc | 0.2.5 | 72.71 | OK | |||
r-prerel-macos-arm64 | 0.2.5 | 30.00 | OK | |||
r-prerel-macos-x86_64 | 0.2.5 | 83.00 | OK | |||
r-prerel-windows-x86_64 | 0.2.5 | 4.00 | 585.00 | 589.00 | OK | |
r-patched-linux-x86_64 | 0.2.5 | 3.69 | 44.50 | 48.19 | OK | |
r-release-linux-x86_64 | 0.2.5 | 3.41 | 43.49 | 46.90 | OK | |
r-release-macos-arm64 | 0.2.5 | 34.00 | OK | |||
r-release-macos-x86_64 | 0.2.5 | 69.00 | OK | |||
r-release-windows-x86_64 | 0.2.5 | 5.00 | 1371.00 | 1376.00 | OK | |
r-oldrel-macos-arm64 | 0.2.5 | 36.00 | OK | |||
r-oldrel-windows-x86_64 | 0.2.5 | 5.00 | 1142.00 | 1147.00 | OK |
Version: 0.2.5
Check: Rd cross-references
Result: NOTE
Undeclared packages ‘bmp’, ‘jpeg’, ‘png’, ‘tiff’ in Rd xrefs
Flavor: r-devel-linux-x86_64-fedora-clang