Last updated on 2024-04-17 13:57:31 CEST.
Flavor | Version | Tinstall | Tcheck | Ttotal | Status | Flags |
---|---|---|---|---|---|---|
r-devel-linux-x86_64-debian-clang | 0.1.3 | 5.69 | 49.08 | 54.77 | OK | |
r-devel-linux-x86_64-debian-gcc | 0.1.3 | 3.96 | 37.69 | 41.65 | OK | |
r-devel-linux-x86_64-fedora-clang | 0.1.3 | 71.36 | NOTE | |||
r-devel-linux-x86_64-fedora-gcc | 0.1.3 | 79.36 | NOTE | |||
r-prerel-macos-arm64 | 0.1.3 | 31.00 | OK | |||
r-prerel-windows-x86_64 | 0.1.3 | 5.00 | 56.00 | 61.00 | OK | |
r-patched-linux-x86_64 | 0.1.3 | 4.95 | 46.52 | 51.47 | OK | |
r-release-linux-x86_64 | 0.1.3 | 5.09 | 45.87 | 50.96 | OK | |
r-release-macos-arm64 | 0.1.3 | 33.00 | OK | |||
r-release-macos-x86_64 | 0.1.3 | 48.00 | OK | |||
r-release-windows-x86_64 | 0.1.3 | 8.00 | 61.00 | 69.00 | OK | |
r-oldrel-macos-arm64 | 0.1.3 | 26.00 | NOTE | |||
r-oldrel-windows-x86_64 | 0.1.3 | 7.00 | 65.00 | 72.00 | OK |
Version: 0.1.3
Check: dependencies in R code
Result: NOTE
Namespace in Imports field not imported from: ‘knitr’
All declared Imports should be used.
Flavors: r-devel-linux-x86_64-fedora-clang, r-devel-linux-x86_64-fedora-gcc, r-oldrel-macos-arm64