CRAN Package Check Results for Package importar

Last updated on 2025-01-19 05:49:10 CET.

Flavor Version Tinstall Tcheck Ttotal Status Flags
r-devel-linux-x86_64-debian-clang 0.1.1 1.59 17.38 18.97 OK
r-devel-linux-x86_64-debian-gcc 0.1.1 1.31 14.11 15.42 OK
r-devel-linux-x86_64-fedora-clang 0.1.1 31.00 OK
r-devel-linux-x86_64-fedora-gcc 0.1.1 29.61 OK
r-devel-windows-x86_64 0.1.1 3.00 44.00 47.00 OK
r-patched-linux-x86_64 0.1.1 1.52 17.02 18.54 NOTE
r-release-linux-x86_64 0.1.1 1.49 16.93 18.42 NOTE
r-release-macos-arm64 0.1.1 14.00 NOTE
r-release-macos-x86_64 0.1.1 22.00 NOTE
r-release-windows-x86_64 0.1.1 3.00 47.00 50.00 NOTE
r-oldrel-macos-arm64 0.1.1 16.00 NOTE
r-oldrel-macos-x86_64 0.1.1 19.00 NOTE
r-oldrel-windows-x86_64 0.1.1 2.00 45.00 47.00 NOTE

Check Details

Version: 0.1.1
Check: LazyData
Result: NOTE 'LazyData' is specified without a 'data' directory Flavors: r-patched-linux-x86_64, r-release-linux-x86_64, r-release-macos-arm64, r-release-macos-x86_64, r-release-windows-x86_64, r-oldrel-macos-arm64, r-oldrel-macos-x86_64, r-oldrel-windows-x86_64