CRAN Package Check Results for Package imputeTestbench

Last updated on 2025-01-19 05:49:10 CET.

Flavor Version Tinstall Tcheck Ttotal Status Flags
r-devel-linux-x86_64-debian-clang 3.0.3 7.62 64.96 72.58 OK
r-devel-linux-x86_64-debian-gcc 3.0.3 5.71 47.18 52.89 OK
r-devel-linux-x86_64-fedora-clang 3.0.3 116.35 OK
r-devel-linux-x86_64-fedora-gcc 3.0.3 107.95 OK
r-devel-windows-x86_64 3.0.3 9.00 78.00 87.00 OK
r-patched-linux-x86_64 3.0.3 6.44 60.96 67.40 NOTE
r-release-linux-x86_64 3.0.3 6.31 61.52 67.83 NOTE
r-release-macos-arm64 3.0.3 33.00 NOTE
r-release-macos-x86_64 3.0.3 50.00 NOTE
r-release-windows-x86_64 3.0.3 8.00 80.00 88.00 NOTE
r-oldrel-macos-arm64 3.0.3 36.00 NOTE
r-oldrel-macos-x86_64 3.0.3 57.00 NOTE
r-oldrel-windows-x86_64 3.0.3 10.00 91.00 101.00 NOTE

Check Details

Version: 3.0.3
Check: LazyData
Result: NOTE 'LazyData' is specified without a 'data' directory Flavors: r-patched-linux-x86_64, r-release-linux-x86_64, r-release-macos-arm64, r-release-macos-x86_64, r-release-windows-x86_64, r-oldrel-macos-arm64, r-oldrel-macos-x86_64, r-oldrel-windows-x86_64