Last updated on 2024-04-17 13:57:31 CEST.
Flavor | Version | Tinstall | Tcheck | Ttotal | Status | Flags |
---|---|---|---|---|---|---|
r-devel-linux-x86_64-debian-clang | 1.2.0 | 4.65 | 53.07 | 57.72 | NOTE | |
r-devel-linux-x86_64-debian-gcc | 1.2.0 | 5.03 | 39.81 | 44.84 | NOTE | |
r-devel-linux-x86_64-fedora-clang | 1.2.0 | 73.08 | NOTE | |||
r-devel-linux-x86_64-fedora-gcc | 1.2.0 | 69.71 | NOTE | |||
r-prerel-macos-arm64 | 1.2.0 | 25.00 | NOTE | |||
r-prerel-windows-x86_64 | 1.2.0 | 5.00 | 74.00 | 79.00 | NOTE | |
r-patched-linux-x86_64 | 1.2.0 | 9.27 | 49.32 | 58.59 | NOTE | |
r-release-linux-x86_64 | 1.2.0 | 6.28 | 52.47 | 58.75 | OK | |
r-release-macos-arm64 | 1.2.0 | 28.00 | OK | |||
r-release-macos-x86_64 | 1.2.0 | 37.00 | OK | |||
r-release-windows-x86_64 | 1.2.0 | 7.00 | 77.00 | 84.00 | OK | |
r-oldrel-macos-arm64 | 1.2.0 | 24.00 | OK | |||
r-oldrel-windows-x86_64 | 1.2.0 | 8.00 | 82.00 | 90.00 | OK |
Version: 1.2.0
Check: Rd files
Result: NOTE
checkRd: (-1) kmpp.Rd:27: Lost braces
27 | \item{call}{a string containing the matched function call that generates this sQuote{inaparc} object.}
| ^
Flavors: r-devel-linux-x86_64-debian-clang, r-devel-linux-x86_64-debian-gcc, r-devel-linux-x86_64-fedora-clang, r-devel-linux-x86_64-fedora-gcc, r-prerel-macos-arm64, r-prerel-windows-x86_64, r-patched-linux-x86_64