Last updated on 2024-04-17 13:57:31 CEST.
Flavor | Version | Tinstall | Tcheck | Ttotal | Status | Flags |
---|---|---|---|---|---|---|
r-devel-linux-x86_64-debian-clang | 0.0.4 | 44.85 | 65.15 | 110.00 | NOTE | |
r-devel-linux-x86_64-debian-gcc | 0.0.4 | 34.83 | 50.14 | 84.97 | NOTE | |
r-devel-linux-x86_64-fedora-clang | 0.0.4 | 143.44 | NOTE | |||
r-devel-linux-x86_64-fedora-gcc | 0.0.4 | 146.55 | NOTE | |||
r-prerel-macos-arm64 | 0.0.4 | 42.00 | NOTE | |||
r-prerel-windows-x86_64 | 0.0.4 | 32.00 | 86.00 | 118.00 | NOTE | |
r-patched-linux-x86_64 | 0.0.4 | 48.25 | 65.10 | 113.35 | NOTE | |
r-release-linux-x86_64 | 0.0.4 | 43.67 | 66.73 | 110.40 | NOTE | |
r-release-macos-arm64 | 0.0.4 | 46.00 | NOTE | |||
r-release-macos-x86_64 | 0.0.4 | 78.00 | NOTE | |||
r-release-windows-x86_64 | 0.0.4 | 43.00 | 106.00 | 149.00 | NOTE | |
r-oldrel-macos-arm64 | 0.0.4 | 45.00 | NOTE | |||
r-oldrel-windows-x86_64 | 0.0.4 | 41.00 | 98.00 | 139.00 | OK |
Version: 0.0.4
Check: C++ specification
Result: NOTE
Specified C++11: please drop specification unless essential
Flavors: r-devel-linux-x86_64-debian-clang, r-devel-linux-x86_64-debian-gcc, r-devel-linux-x86_64-fedora-clang, r-devel-linux-x86_64-fedora-gcc, r-prerel-macos-arm64, r-prerel-windows-x86_64, r-patched-linux-x86_64, r-release-linux-x86_64, r-release-macos-arm64, r-release-macos-x86_64, r-release-windows-x86_64
Version: 0.0.4
Check: installed package size
Result: NOTE
installed size is 5.0Mb
sub-directories of 1Mb or more:
libs 4.9Mb
Flavors: r-release-macos-arm64, r-release-macos-x86_64, r-oldrel-macos-arm64