CRAN Package Check Results for Package incase

Last updated on 2025-01-19 05:49:10 CET.

Flavor Version Tinstall Tcheck Ttotal Status Flags
r-devel-linux-x86_64-debian-clang 0.3.2 2.90 31.07 33.97 NOTE
r-devel-linux-x86_64-debian-gcc 0.3.2 2.01 23.03 25.04 NOTE
r-devel-linux-x86_64-fedora-clang 0.3.2 54.38 OK
r-devel-linux-x86_64-fedora-gcc 0.3.2 53.04 OK
r-devel-windows-x86_64 0.3.2 4.00 53.00 57.00 NOTE
r-patched-linux-x86_64 0.3.2 5.63 30.18 35.81 OK
r-release-linux-x86_64 0.3.2 2.58 29.97 32.55 OK
r-release-macos-arm64 0.3.2 20.00 OK
r-release-macos-x86_64 0.3.2 29.00 OK
r-release-windows-x86_64 0.3.2 5.00 52.00 57.00 OK
r-oldrel-macos-arm64 0.3.2 22.00 OK
r-oldrel-macos-x86_64 0.3.2 44.00 OK
r-oldrel-windows-x86_64 0.3.2 4.00 57.00 61.00 OK

Check Details

Version: 0.3.2
Check: Rd cross-references
Result: NOTE Found the following Rd file(s) with Rd \link{} targets missing package anchors: if_case.Rd: magrittr Please provide package anchors for all Rd \link{} targets not in the package itself and the base packages. Flavors: r-devel-linux-x86_64-debian-clang, r-devel-linux-x86_64-debian-gcc, r-devel-windows-x86_64