CRAN Package Check Results for Package indexthis

Last updated on 2025-01-19 05:49:10 CET.

Flavor Version Tinstall Tcheck Ttotal Status Flags
r-devel-linux-x86_64-debian-clang 1.0.1 10.05 33.00 43.05 NOTE
r-devel-linux-x86_64-debian-gcc 1.0.1 6.58 24.38 30.96 NOTE
r-devel-linux-x86_64-fedora-clang 1.0.1 76.25 NOTE
r-devel-linux-x86_64-fedora-gcc 1.0.1 73.55 NOTE
r-devel-windows-x86_64 1.0.1 12.00 70.00 82.00 NOTE
r-patched-linux-x86_64 1.0.1 10.13 31.69 41.82 OK
r-release-linux-x86_64 1.0.1 9.98 32.97 42.95 OK
r-release-macos-arm64 1.0.1 26.00 OK
r-release-macos-x86_64 1.0.1 36.00 OK
r-release-windows-x86_64 1.0.1 14.00 71.00 85.00 OK
r-oldrel-macos-arm64 1.0.1 32.00 OK
r-oldrel-macos-x86_64 1.0.1 63.00 OK
r-oldrel-windows-x86_64 1.0.1 16.00 80.00 96.00 OK

Additional issues

rchk

Check Details

Version: 1.0.1
Check: compiled code
Result: NOTE File ‘indexthis/libs/indexthis.so’: Found non-API call to R: ‘STRING_PTR’ Compiled code should not call non-API entry points in R. See ‘Writing portable packages’ in the ‘Writing R Extensions’ manual, and section ‘Moving into C API compliance’ for issues with the use of non-API entry points. Flavors: r-devel-linux-x86_64-debian-clang, r-devel-linux-x86_64-debian-gcc, r-devel-linux-x86_64-fedora-clang, r-devel-linux-x86_64-fedora-gcc

Version: 1.0.1
Check: compiled code
Result: NOTE File 'indexthis/libs/x64/indexthis.dll': Found non-API call to R: 'STRING_PTR' Compiled code should not call non-API entry points in R. See 'Writing portable packages' in the 'Writing R Extensions' manual, and section 'Moving into C API compliance' for issues with the use of non-API entry points. Flavor: r-devel-windows-x86_64