CRAN Package Check Results for Package infiltrodiscR

Last updated on 2025-01-19 05:49:10 CET.

Flavor Version Tinstall Tcheck Ttotal Status Flags
r-devel-linux-x86_64-debian-clang 0.0.5 1.68 21.08 22.76 OK
r-devel-linux-x86_64-debian-gcc 0.0.5 1.39 16.95 18.34 OK
r-devel-linux-x86_64-fedora-clang 0.0.5 37.25 NOTE
r-devel-linux-x86_64-fedora-gcc 0.0.5 36.87 NOTE
r-devel-windows-x86_64 0.0.5 4.00 45.00 49.00 OK
r-patched-linux-x86_64 0.0.5 1.70 20.36 22.06 OK
r-release-linux-x86_64 0.0.5 1.52 20.72 22.24 OK
r-release-macos-arm64 0.0.5 19.00 OK
r-release-macos-x86_64 0.0.5 30.00 OK
r-release-windows-x86_64 0.0.5 4.00 44.00 48.00 OK
r-oldrel-macos-arm64 0.0.5 21.00 OK
r-oldrel-macos-x86_64 0.0.5 31.00 OK
r-oldrel-windows-x86_64 0.0.5 3.00 46.00 49.00 OK

Check Details

Version: 0.0.5
Check: dependencies in R code
Result: NOTE Namespace in Imports field not imported from: ‘utils’ All declared Imports should be used. Flavors: r-devel-linux-x86_64-fedora-clang, r-devel-linux-x86_64-fedora-gcc