Last updated on 2025-01-19 05:49:10 CET.
Flavor | Version | Tinstall | Tcheck | Ttotal | Status | Flags |
---|---|---|---|---|---|---|
r-devel-linux-x86_64-debian-clang | 1.0 | 40.43 | 58.66 | 99.09 | NOTE | |
r-devel-linux-x86_64-debian-gcc | 1.0 | 29.80 | 41.58 | 71.38 | NOTE | |
r-devel-linux-x86_64-fedora-clang | 1.0 | 170.74 | NOTE | |||
r-devel-linux-x86_64-fedora-gcc | 1.0 | 177.22 | NOTE | |||
r-devel-windows-x86_64 | 1.0 | 44.00 | 94.00 | 138.00 | NOTE | |
r-patched-linux-x86_64 | 1.0 | 44.45 | 53.34 | 97.79 | NOTE | |
r-release-linux-x86_64 | 1.0 | 44.17 | 55.30 | 99.47 | NOTE | |
r-release-macos-arm64 | 1.0 | 46.00 | NOTE | |||
r-release-macos-x86_64 | 1.0 | 65.00 | NOTE | |||
r-release-windows-x86_64 | 1.0 | 46.00 | 99.00 | 145.00 | NOTE | |
r-oldrel-macos-arm64 | 1.0 | 54.00 | NOTE | |||
r-oldrel-macos-x86_64 | 1.0 | 84.00 | NOTE | |||
r-oldrel-windows-x86_64 | 1.0 | 53.00 | 113.00 | 166.00 | NOTE |
Version: 1.0
Check: C++ specification
Result: NOTE
Specified C++11: please drop specification unless essential
Flavors: r-devel-linux-x86_64-debian-clang, r-devel-linux-x86_64-debian-gcc, r-devel-linux-x86_64-fedora-clang, r-devel-linux-x86_64-fedora-gcc, r-devel-windows-x86_64, r-patched-linux-x86_64, r-release-linux-x86_64, r-release-macos-arm64, r-release-macos-x86_64, r-release-windows-x86_64, r-oldrel-macos-arm64, r-oldrel-macos-x86_64, r-oldrel-windows-x86_64