CRAN Package Check Results for Package inlabru

Last updated on 2020-07-12 12:47:34 CEST.

Flavor Version Tinstall Tcheck Ttotal Status Flags
r-devel-linux-x86_64-debian-clang 2.1.13 14.74 132.76 147.50 NOTE
r-devel-linux-x86_64-debian-gcc 2.1.13 14.54 100.77 115.31 NOTE
r-devel-linux-x86_64-fedora-clang 2.1.13 179.18 OK
r-devel-linux-x86_64-fedora-gcc 2.1.13 170.13 OK
r-devel-windows-ix86+x86_64 2.1.13 27.00 196.00 223.00 OK
r-patched-linux-x86_64 2.1.13 16.11 127.84 143.95 NOTE
r-patched-solaris-x86 2.1.13 239.10 NOTE
r-release-linux-x86_64 2.1.13 16.45 129.30 145.75 NOTE
r-release-macos-x86_64 2.1.13 NOTE
r-release-windows-ix86+x86_64 2.1.13 44.00 139.00 183.00 OK
r-oldrel-macos-x86_64 2.1.13 NOTE
r-oldrel-windows-ix86+x86_64 2.1.13 35.00 136.00 171.00 OK

Check Details

Version: 2.1.13
Check: package dependencies
Result: NOTE
    Package suggested but not available for checking: 'INLA'
Flavors: r-devel-linux-x86_64-debian-clang, r-devel-linux-x86_64-debian-gcc, r-patched-linux-x86_64, r-patched-solaris-x86, r-release-linux-x86_64, r-release-macos-x86_64, r-oldrel-macos-x86_64

Version: 2.1.13
Check: Rd cross-references
Result: NOTE
    Package unavailable to check Rd xrefs: 'INLA'
Flavors: r-devel-linux-x86_64-debian-clang, r-devel-linux-x86_64-debian-gcc, r-patched-linux-x86_64, r-patched-solaris-x86, r-release-linux-x86_64, r-release-macos-x86_64, r-oldrel-macos-x86_64

Version: 2.1.13
Check: dependencies in R code
Result: NOTE
    No protocol specified
Flavor: r-oldrel-macos-x86_64