Last updated on 2025-01-19 05:49:10 CET.
Flavor | Version | Tinstall | Tcheck | Ttotal | Status | Flags |
---|---|---|---|---|---|---|
r-devel-linux-x86_64-debian-clang | 0.1.2 | 57.12 | 26.94 | 84.06 | OK | |
r-devel-linux-x86_64-debian-gcc | 0.1.2 | 40.90 | 21.44 | 62.34 | OK | |
r-devel-linux-x86_64-fedora-clang | 0.1.2 | 168.91 | OK | |||
r-devel-linux-x86_64-fedora-gcc | 0.1.2 | 175.38 | OK | |||
r-devel-windows-x86_64 | 0.1.2 | 62.00 | 68.00 | 130.00 | OK | |
r-patched-linux-x86_64 | 0.1.2 | 60.35 | 25.51 | 85.86 | NOTE | |
r-release-linux-x86_64 | 0.1.2 | 57.13 | 26.57 | 83.70 | NOTE | |
r-release-macos-arm64 | 0.1.2 | 41.00 | NOTE | |||
r-release-macos-x86_64 | 0.1.2 | 45.00 | NOTE | |||
r-release-windows-x86_64 | 0.1.2 | 64.00 | 67.00 | 131.00 | NOTE | |
r-oldrel-macos-arm64 | 0.1.2 | 49.00 | NOTE | |||
r-oldrel-macos-x86_64 | 0.1.2 | 94.00 | NOTE | |||
r-oldrel-windows-x86_64 | 0.1.2 | 72.00 | 76.00 | 148.00 | NOTE |
Version: 0.1.2
Check: LazyData
Result: NOTE
'LazyData' is specified without a 'data' directory
Flavors: r-patched-linux-x86_64, r-release-linux-x86_64, r-release-macos-arm64, r-release-macos-x86_64, r-release-windows-x86_64, r-oldrel-macos-arm64, r-oldrel-macos-x86_64, r-oldrel-windows-x86_64