Last updated on 2025-01-19 05:49:10 CET.
Flavor | Version | Tinstall | Tcheck | Ttotal | Status | Flags |
---|---|---|---|---|---|---|
r-devel-linux-x86_64-debian-clang | 2.1.1 | 42.93 | 329.59 | 372.52 | OK | |
r-devel-linux-x86_64-debian-gcc | 2.1.1 | 27.66 | 213.69 | 241.35 | OK | |
r-devel-linux-x86_64-fedora-clang | 2.1.1 | 637.37 | OK | |||
r-devel-linux-x86_64-fedora-gcc | 2.1.1 | 595.03 | OK | |||
r-devel-windows-x86_64 | 2.1.1 | 24.00 | 248.00 | 272.00 | OK | |
r-patched-linux-x86_64 | 2.1.1 | 28.12 | 295.72 | 323.84 | NOTE | |
r-release-linux-x86_64 | 2.1.1 | 36.00 | 296.93 | 332.93 | NOTE | |
r-release-macos-arm64 | 2.1.1 | 154.00 | NOTE | |||
r-release-macos-x86_64 | 2.1.1 | 210.00 | NOTE | |||
r-release-windows-x86_64 | 2.1.1 | 26.00 | 248.00 | 274.00 | OK | |
r-oldrel-macos-arm64 | 2.1.1 | 158.00 | NOTE | |||
r-oldrel-macos-x86_64 | 2.1.1 | 296.00 | NOTE | |||
r-oldrel-windows-x86_64 | 2.1.1 | 28.00 | 324.00 | 352.00 | NOTE |
Version: 2.1.1
Check: package dependencies
Result: NOTE
Package suggested but not available for checking: ‘INLA’
Flavors: r-patched-linux-x86_64, r-release-linux-x86_64, r-release-macos-arm64, r-release-macos-x86_64, r-oldrel-macos-arm64, r-oldrel-macos-x86_64, r-oldrel-windows-x86_64
Version: 2.1.1
Check: Rd cross-references
Result: NOTE
Package unavailable to check Rd xrefs: ‘INLA’
Flavors: r-patched-linux-x86_64, r-release-linux-x86_64, r-release-macos-arm64, r-release-macos-x86_64, r-oldrel-macos-arm64, r-oldrel-macos-x86_64, r-oldrel-windows-x86_64