CRAN Package Check Results for Package interflex

Last updated on 2025-01-19 05:49:10 CET.

Flavor Version Tinstall Tcheck Ttotal Status Flags
r-devel-linux-x86_64-debian-clang 1.2.6 68.75 138.28 207.03 NOTE
r-devel-linux-x86_64-debian-gcc 1.2.6 46.91 94.01 140.92 NOTE
r-devel-linux-x86_64-fedora-clang 1.2.6 348.09 NOTE
r-devel-linux-x86_64-fedora-gcc 1.2.6 362.80 NOTE
r-devel-windows-x86_64 1.2.6 68.00 141.00 209.00 NOTE
r-patched-linux-x86_64 1.2.6 61.35 128.06 189.41 NOTE
r-release-linux-x86_64 1.2.6 66.32 130.73 197.05 NOTE
r-release-macos-arm64 1.2.6 80.00 NOTE
r-release-macos-x86_64 1.2.6 113.00 NOTE
r-release-windows-x86_64 1.2.6 65.00 144.00 209.00 NOTE
r-oldrel-macos-arm64 1.2.6 90.00 NOTE
r-oldrel-macos-x86_64 1.2.6 148.00 NOTE
r-oldrel-windows-x86_64 1.2.6 83.00 182.00 265.00 NOTE

Check Details

Version: 1.2.6
Check: C++ specification
Result: NOTE Specified C++11: please drop specification unless essential Flavors: r-devel-linux-x86_64-debian-clang, r-devel-linux-x86_64-debian-gcc, r-devel-linux-x86_64-fedora-clang, r-devel-linux-x86_64-fedora-gcc, r-devel-windows-x86_64, r-patched-linux-x86_64, r-release-linux-x86_64, r-release-macos-arm64, r-release-macos-x86_64, r-release-windows-x86_64, r-oldrel-macos-arm64, r-oldrel-macos-x86_64, r-oldrel-windows-x86_64