Last updated on 2025-01-19 05:49:10 CET.
Flavor | Version | Tinstall | Tcheck | Ttotal | Status | Flags |
---|---|---|---|---|---|---|
r-devel-linux-x86_64-debian-clang | 0.1.2 | 1.85 | 26.11 | 27.96 | OK | |
r-devel-linux-x86_64-debian-gcc | 0.1.2 | 1.73 | 20.23 | 21.96 | OK | |
r-devel-linux-x86_64-fedora-clang | 0.1.2 | 46.32 | OK | |||
r-devel-linux-x86_64-fedora-gcc | 0.1.2 | 45.26 | OK | |||
r-devel-windows-x86_64 | 0.1.2 | 3.00 | 46.00 | 49.00 | OK | |
r-patched-linux-x86_64 | 0.1.2 | 1.60 | 24.95 | 26.55 | NOTE | |
r-release-linux-x86_64 | 0.1.2 | 2.01 | 25.30 | 27.31 | NOTE | |
r-release-macos-arm64 | 0.1.2 | 16.00 | OK | |||
r-release-macos-x86_64 | 0.1.2 | 25.00 | OK | |||
r-release-windows-x86_64 | 0.1.2 | 3.00 | 47.00 | 50.00 | OK | |
r-oldrel-macos-arm64 | 0.1.2 | 22.00 | OK | |||
r-oldrel-macos-x86_64 | 0.1.2 | 33.00 | OK | |||
r-oldrel-windows-x86_64 | 0.1.2 | 3.00 | 50.00 | 53.00 | OK |
Version: 0.1.2
Check: package dependencies
Result: NOTE
Package suggested but not available for checking: ‘TDA’
Flavors: r-patched-linux-x86_64, r-release-linux-x86_64