CRAN Package Check Results for Package interplot

Last updated on 2025-01-19 05:49:10 CET.

Flavor Version Tinstall Tcheck Ttotal Status Flags
r-devel-linux-x86_64-debian-clang 0.2.3 13.24 125.11 138.35 OK
r-devel-linux-x86_64-debian-gcc 0.2.3 10.63 90.95 101.58 OK
r-devel-linux-x86_64-fedora-clang 0.2.3 225.00 OK
r-devel-linux-x86_64-fedora-gcc 0.2.3 222.28 OK
r-devel-windows-x86_64 0.2.3 14.00 111.00 125.00 OK
r-patched-linux-x86_64 0.2.3 9.91 114.33 124.24 NOTE
r-release-linux-x86_64 0.2.3 12.04 116.55 128.59 NOTE
r-release-macos-arm64 0.2.3 62.00 NOTE
r-release-macos-x86_64 0.2.3 88.00 NOTE
r-release-windows-x86_64 0.2.3 15.00 114.00 129.00 NOTE
r-oldrel-macos-arm64 0.2.3 66.00 NOTE
r-oldrel-macos-x86_64 0.2.3 109.00 NOTE
r-oldrel-windows-x86_64 0.2.3 18.00 141.00 159.00 NOTE

Check Details

Version: 0.2.3
Check: LazyData
Result: NOTE 'LazyData' is specified without a 'data' directory Flavors: r-patched-linux-x86_64, r-release-linux-x86_64, r-release-macos-arm64, r-release-macos-x86_64, r-release-windows-x86_64, r-oldrel-macos-arm64, r-oldrel-macos-x86_64, r-oldrel-windows-x86_64