Last updated on 2024-05-01 16:52:58 CEST.
Flavor | Version | Tinstall | Tcheck | Ttotal | Status | Flags |
---|---|---|---|---|---|---|
r-devel-linux-x86_64-debian-clang | 0.1.1 | 54.78 | 27.31 | 82.09 | OK | |
r-devel-linux-x86_64-debian-gcc | 0.1.1 | 45.47 | 20.96 | 66.43 | OK | |
r-devel-linux-x86_64-fedora-clang | 0.1.1 | 116.73 | OK | |||
r-devel-linux-x86_64-fedora-gcc | 0.1.1 | 121.79 | OK | |||
r-devel-windows-x86_64 | 0.1.1 | 44.00 | 65.00 | 109.00 | OK | |
r-patched-linux-x86_64 | 0.1.1 | 59.84 | 26.14 | 85.98 | OK | |
r-release-linux-x86_64 | 0.1.1 | 51.02 | 26.22 | 77.24 | OK | |
r-release-macos-arm64 | 0.1.1 | 29.00 | NOTE | |||
r-release-windows-x86_64 | 0.1.1 | 45.00 | 63.00 | 108.00 | OK | |
r-oldrel-macos-arm64 | 0.1.1 | 39.00 | NOTE | |||
r-oldrel-macos-x86_64 | 0.1.1 | 75.00 | NOTE | |||
r-oldrel-windows-x86_64 | 0.1.1 | 56.00 | 68.00 | 124.00 | OK |
Version: 0.1.1
Check: installed package size
Result: NOTE
installed size is 5.1Mb
sub-directories of 1Mb or more:
libs 5.0Mb
Flavors: r-release-macos-arm64, r-oldrel-macos-arm64, r-oldrel-macos-x86_64