CRAN Package Check Results for Package intkrige

Last updated on 2025-01-19 05:49:10 CET.

Flavor Version Tinstall Tcheck Ttotal Status Flags
r-devel-linux-x86_64-debian-clang 1.0.1 62.84 354.04 416.88 NOTE
r-devel-linux-x86_64-debian-gcc 1.0.1 49.07 245.01 294.08 NOTE
r-devel-linux-x86_64-fedora-clang 1.0.1 685.28 NOTE
r-devel-linux-x86_64-fedora-gcc 1.0.1 699.42 NOTE
r-devel-windows-x86_64 1.0.1 65.00 316.00 381.00 NOTE
r-patched-linux-x86_64 1.0.1 60.33 347.61 407.94 NOTE
r-release-linux-x86_64 1.0.1 61.05 329.95 391.00 NOTE
r-release-macos-arm64 1.0.1 173.00 NOTE
r-release-macos-x86_64 1.0.1 304.00 NOTE
r-release-windows-x86_64 1.0.1 65.00 320.00 385.00 NOTE
r-oldrel-macos-arm64 1.0.1 189.00 NOTE
r-oldrel-macos-x86_64 1.0.1 366.00 NOTE
r-oldrel-windows-x86_64 1.0.1 78.00 434.00 512.00 NOTE

Check Details

Version: 1.0.1
Check: C++ specification
Result: NOTE Specified C++11: please drop specification unless essential Flavors: r-devel-linux-x86_64-debian-clang, r-devel-linux-x86_64-debian-gcc, r-devel-linux-x86_64-fedora-clang, r-devel-linux-x86_64-fedora-gcc, r-devel-windows-x86_64, r-patched-linux-x86_64, r-release-linux-x86_64, r-release-macos-arm64, r-release-macos-x86_64, r-release-windows-x86_64, r-oldrel-macos-arm64, r-oldrel-macos-x86_64, r-oldrel-windows-x86_64