Last updated on 2024-05-01 16:52:58 CEST.
Flavor | Version | Tinstall | Tcheck | Ttotal | Status | Flags |
---|---|---|---|---|---|---|
r-devel-linux-x86_64-debian-clang | 2.1.0 | 254.81 | 316.74 | 571.55 | OK | |
r-devel-linux-x86_64-debian-gcc | 2.1.0 | 198.19 | 322.46 | 520.65 | OK | |
r-devel-linux-x86_64-fedora-clang | 2.1.0 | 764.75 | OK | |||
r-devel-linux-x86_64-fedora-gcc | 2.1.0 | 924.01 | OK | |||
r-devel-windows-x86_64 | 2.1.0 | 193.00 | 341.00 | 534.00 | OK | |
r-patched-linux-x86_64 | 2.1.0 | 236.93 | 408.83 | 645.76 | OK | |
r-release-linux-x86_64 | 2.1.0 | 231.17 | 417.80 | 648.97 | OK | |
r-release-macos-arm64 | 2.1.0 | 241.00 | NOTE | |||
r-release-macos-x86_64 | 2.1.0 | 554.00 | NOTE | |||
r-release-windows-x86_64 | 2.1.0 | 194.00 | 332.00 | 526.00 | OK | |
r-oldrel-macos-arm64 | 2.1.0 | 241.00 | NOTE | |||
r-oldrel-macos-x86_64 | 2.1.0 | 499.00 | NOTE | |||
r-oldrel-windows-x86_64 | 2.1.0 | 236.00 | 411.00 | 647.00 | OK |
Version: 2.1.0
Check: installed package size
Result: NOTE
installed size is 9.9Mb
sub-directories of 1Mb or more:
libs 9.6Mb
Flavors: r-release-macos-arm64, r-release-macos-x86_64, r-oldrel-macos-arm64, r-oldrel-macos-x86_64