Last updated on 2024-03-28 14:48:31 CET.
Flavor | Version | Tinstall | Tcheck | Ttotal | Status | Flags |
---|---|---|---|---|---|---|
r-devel-linux-x86_64-debian-clang | 0.3-5 | 6.29 | 33.31 | 39.60 | NOTE | |
r-devel-linux-x86_64-debian-gcc | 0.3-5 | 5.68 | 25.81 | 31.49 | NOTE | |
r-devel-linux-x86_64-fedora-clang | 0.3-5 | 48.59 | NOTE | |||
r-devel-linux-x86_64-fedora-gcc | 0.3-5 | 50.43 | NOTE | |||
r-devel-windows-x86_64 | 0.3-5 | 12.00 | 58.00 | 70.00 | NOTE | |
r-patched-linux-x86_64 | 0.3-5 | 7.23 | 31.65 | 38.88 | NOTE | |
r-release-linux-x86_64 | 0.3-5 | 5.91 | 32.40 | 38.31 | NOTE | |
r-release-macos-arm64 | 0.3-5 | 28.00 | NOTE | |||
r-release-macos-x86_64 | 0.3-5 | 54.00 | NOTE | |||
r-release-windows-x86_64 | 0.3-5 | 16.00 | 62.00 | 78.00 | NOTE | |
r-oldrel-macos-arm64 | 0.3-5 | 28.00 | NOTE | |||
r-oldrel-windows-x86_64 | 0.3-5 | 14.00 | 86.00 | 100.00 | NOTE |
Version: 0.3-5
Check: compiled code
Result: NOTE
File ‘iotools/libs/iotools.so’:
Found non-API calls to R: ‘R_GetConnection’, ‘R_ReadConnection’,
‘R_WriteConnection’
Compiled code should not call non-API entry points in R.
See ‘Writing portable packages’ in the ‘Writing R Extensions’ manual.
Flavors: r-devel-linux-x86_64-debian-clang, r-devel-linux-x86_64-debian-gcc, r-patched-linux-x86_64, r-release-linux-x86_64, r-release-macos-arm64, r-release-macos-x86_64, r-oldrel-macos-arm64
Version: 0.3-5
Check: compiled code
Result: NOTE
File ‘iotools/libs/iotools.so’:
Found non-API calls to R: ‘R_GetConnection’, ‘R_ReadConnection’,
‘R_WriteConnection’
File ‘iotools/libs/iotools.so’:
Found no calls to: ‘R_registerRoutines’, ‘R_useDynamicSymbols’
Compiled code should not call non-API entry points in R.
It is good practice to register native routines and to disable symbol
search.
See ‘Writing portable packages’ in the ‘Writing R Extensions’ manual.
Flavors: r-devel-linux-x86_64-fedora-clang, r-devel-linux-x86_64-fedora-gcc
Version: 0.3-5
Check: compiled code
Result: NOTE
File 'iotools/libs/x64/iotools.dll':
Found non-API calls to R: 'R_GetConnection', 'R_ReadConnection',
'R_WriteConnection'
Compiled code should not call non-API entry points in R.
See 'Writing portable packages' in the 'Writing R Extensions' manual.
Flavors: r-devel-windows-x86_64, r-release-windows-x86_64, r-oldrel-windows-x86_64