CRAN Package Check Results for Package ipaddress

Last updated on 2025-01-19 05:49:11 CET.

Flavor Version Tinstall Tcheck Ttotal Status Flags
r-devel-linux-x86_64-debian-clang 1.0.2 82.39 63.03 145.42 OK
r-devel-linux-x86_64-debian-gcc 1.0.2 64.01 45.81 109.82 OK
r-devel-linux-x86_64-fedora-clang 1.0.2 277.15 OK
r-devel-linux-x86_64-fedora-gcc 1.0.2 330.50 OK
r-devel-windows-x86_64 1.0.2 102.00 105.00 207.00 OK
r-patched-linux-x86_64 1.0.2 96.29 59.45 155.74 OK
r-release-linux-x86_64 1.0.2 95.46 61.00 156.46 OK
r-release-macos-arm64 1.0.2 90.00 NOTE
r-release-macos-x86_64 1.0.2 104.00 NOTE
r-release-windows-x86_64 1.0.2 103.00 108.00 211.00 OK
r-oldrel-macos-arm64 1.0.2 95.00 NOTE
r-oldrel-macos-x86_64 1.0.2 131.00 NOTE
r-oldrel-windows-x86_64 1.0.2 119.00 126.00 245.00 OK

Check Details

Version: 1.0.2
Check: installed package size
Result: NOTE installed size is 6.9Mb sub-directories of 1Mb or more: libs 6.4Mb Flavors: r-release-macos-arm64, r-release-macos-x86_64, r-oldrel-macos-arm64, r-oldrel-macos-x86_64