Last updated on 2025-01-19 05:49:11 CET.
Flavor | Version | Tinstall | Tcheck | Ttotal | Status | Flags |
---|---|---|---|---|---|---|
r-devel-linux-x86_64-debian-clang | 0.7.4 | 61.66 | 81.42 | 143.08 | OK | |
r-devel-linux-x86_64-debian-gcc | 0.7.4 | 46.62 | 62.69 | 109.31 | OK | |
r-devel-linux-x86_64-fedora-clang | 0.7.4 | 251.54 | OK | |||
r-devel-linux-x86_64-fedora-gcc | 0.7.4 | 275.88 | OK | |||
r-devel-windows-x86_64 | 0.7.4 | 65.00 | 114.00 | 179.00 | OK | |
r-patched-linux-x86_64 | 0.7.4 | 64.08 | 82.27 | 146.35 | OK | |
r-release-linux-x86_64 | 0.7.4 | 64.17 | 82.85 | 147.02 | OK | |
r-release-macos-arm64 | 0.7.4 | 71.00 | NOTE | |||
r-release-macos-x86_64 | 0.7.4 | 93.00 | NOTE | |||
r-release-windows-x86_64 | 0.7.4 | 66.00 | 115.00 | 181.00 | OK | |
r-oldrel-macos-arm64 | 0.7.4 | 75.00 | NOTE | |||
r-oldrel-macos-x86_64 | 0.7.4 | 143.00 | NOTE | |||
r-oldrel-windows-x86_64 | 0.7.4 | 74.00 | 140.00 | 214.00 | OK |
Version: 0.7.4
Check: installed package size
Result: NOTE
installed size is 13.5Mb
sub-directories of 1Mb or more:
libs 12.2Mb
Flavors: r-release-macos-arm64, r-release-macos-x86_64, r-oldrel-macos-arm64, r-oldrel-macos-x86_64